{"id":190,"date":"2021-03-15T16:08:06","date_gmt":"2021-03-15T16:08:06","guid":{"rendered":"http:\/\/pepsyna.eu\/?page_id=190"},"modified":"2021-04-10T13:09:16","modified_gmt":"2021-04-10T13:09:16","slug":"rekawice","status":"publish","type":"page","link":"https:\/\/pepsyna.eu\/index.php\/home-2\/odziez\/odziez-jednorazowa\/rekawice\/","title":{"rendered":"R\u0118KAWICE"},"content":{"rendered":"\t\t<div data-elementor-type=\"wp-page\" data-elementor-id=\"190\" class=\"elementor elementor-190\" data-elementor-settings=\"[]\">\n\t\t\t\t\t\t<div class=\"elementor-inner\">\n\t\t\t\t\t\t\t<div class=\"elementor-section-wrap\">\n\t\t\t\t\t\t\t<section class=\"elementor-section elementor-top-section elementor-element elementor-element-49e219d9 elementor-section-boxed elementor-section-height-default elementor-section-height-default\" data-id=\"49e219d9\" data-element_type=\"section\">\n\t\t\t\t\t\t<div class=\"elementor-container elementor-column-gap-default\">\n\t\t\t\t\t\t\t<div class=\"elementor-row\">\n\t\t\t\t\t<div class=\"elementor-column elementor-col-100 elementor-top-column elementor-element elementor-element-4e239f9c\" data-id=\"4e239f9c\" data-element_type=\"column\">\n\t\t\t<div class=\"elementor-column-wrap elementor-element-populated\">\n\t\t\t\t\t\t\t<div class=\"elementor-widget-wrap\">\n\t\t\t\t\t\t<div class=\"elementor-element elementor-element-1d83435e elementor-widget elementor-widget-text-editor\" data-id=\"1d83435e\" data-element_type=\"widget\" data-widget_type=\"text-editor.default\">\n\t\t\t\t<div class=\"elementor-widget-container\">\n\t\t\t\t\t\t\t\t<div class=\"elementor-text-editor elementor-clearfix\">\n\t\t\t\t<!-- wp:paragraph -->\n<p>\u00a0<\/p>\n<p><img loading=\"lazy\" class=\"wp-image-908 aligncenter\" src=\"https:\/\/pepsyna.eu\/wp-content\/uploads\/2021\/04\/rekawiczki-300x188.jpg\" alt=\"\" width=\"267\" height=\"167\" srcset=\"https:\/\/pepsyna.eu\/wp-content\/uploads\/2021\/04\/rekawiczki-300x188.jpg 300w, https:\/\/pepsyna.eu\/wp-content\/uploads\/2021\/04\/rekawiczki.jpg 720w\" sizes=\"(max-width: 267px) 100vw, 267px\" \/><\/p>\n<p>\u00a0<\/p>\n<ul>\n<li>R\u0118KAWICE DIAGNOSTYCZNE I OCHRONNE<br \/><br \/>R\u0119kawice lateksowe pudrowane, diagnostyczne i ochronne.<br \/>\u00b7rodzaj r\u0119kawic: diagnostyczne, ochronne, nieja\u0142owe<br \/>\u00b7surowiec: lateks kauczuku naturalnego<br \/>\u00b7\u015brodek pudruj\u0105cy: skrobia (m\u0105czka) kukurydziana<br \/>\u00b7ilo\u015b\u0107 w opakowaniu jednostkowym: 100 sztuk<br \/>\u00b7powierzchnia: g\u0142adka<br \/>\u00b7wyko\u0144czenie mankietu: r\u00f3wnomiernie rolowany brzeg<br \/>\u00b7kszta\u0142t: uniwersalny, pasuj\u0105ce na lew\u0105 i praw\u0105 d\u0142o\u0144<br \/>\u00b7rozmiary: XS (5-6), S (6-7), M (7-8), L (8-9), XL (9-10)<br \/><br \/><br \/><\/li>\n<li>R\u0119kawice lateksowe pudrowane, diagnostyczne i ochronne w kolorze niebieskim.<br \/>\u00b7rodzaj r\u0119kawic: diagnostyczne, ochronne, nieja\u0142owe<br \/>\u00b7surowiec: lateks kauczuku naturalnego<br \/>\u00b7\u015brodek pudruj\u0105cy: skrobia (m\u0105czka) kukurydziana<br \/>\u00b7ilo\u015b\u0107 w opakowaniu jednostkowym: 100 sztuk<br \/>\u00b7powierzchnia: g\u0142adka<br \/>\u00b7wyko\u0144czenie mankietu: r\u00f3wnomiernie rolowany brzeg<br \/>\u00b7kszta\u0142t: uniwersalny, pasuj\u0105ce na lew\u0105 i praw\u0105 d\u0142o\u0144<br \/>\u00b7rozmiary: XS (5-6), S (6-7), M (7-8), L (8-9), XL (9-10)<br \/><br \/><br \/><\/li>\n<li>R\u0119kawice lateksowe bezpudrowe, diagnostyczne i ochronne.<br \/>\u00b7rodzaj r\u0119kawic: diagnostyczne, ochronne, nieja\u0142owe<br \/>\u00b7surowiec: lateks kauczuku naturalnego<br \/>\u00b7\u015brodek pudruj\u0105cy: brak<br \/>\u00b7ilo\u015b\u0107 w opakowaniu jednostkowym: 100 sztuk<br \/>\u00b7powierzchnia: teksturowana<br \/>\u00b7wyko\u0144czenie mankietu: r\u00f3wnomiernie rolowany brzeg<br \/>\u00b7kszta\u0142t: uniwersalny, pasuj\u0105ce na lew\u0105 i praw\u0105 d\u0142o\u0144<br \/>\u00b7rozmiary: XS (5-6), S (6-7), M (7-8), L (8-9), XL (9-10)<br \/><br \/><\/li>\n<li>Ciemnoniebieskie r\u0119kawice lateksowe o grubszych \u015bciankach i przed\u0142u\u017conym mankiecie.<br \/>\u00b7rodzaj r\u0119kawicy: diagnostyczne, ochronne, bezpudrowe, nieja\u0142owe, o grubszych \u015bciankach<br \/>\u00b7surowiec: lateks kauczuku naturalnego<br \/>\u00b7\u015brodek pudruj\u0105cy: brak<br \/>\u00b7ilo\u015b\u0107 w opakowaniu jednostkowym: 50 sztuk<br \/>\u00b7powierzchnia: teksturowana<br \/>\u00b7wyko\u0144czenie mankietu: r\u00f3wnomiernie rolowany brzeg<br \/>\u00b7kszta\u0142t: uniwersalny, pasuj\u0105ce na lew\u0105 i praw\u0105 d\u0142o\u0144<br \/>\u00b7rozmiary: S (6-7), M(7-8), L (8-9), XL(9-10)<br \/><br \/><\/li>\n<li>R\u0119kawice lateksowe pudrowane, diagnostyczne i ochronne.<br \/>\u00b7rodzaj r\u0119kawic: diagnostyczne, ochronne, nieja\u0142owe<br \/>\u00b7surowiec: lateks kauczuku naturalnego<br \/>\u00b7\u015brodek pudruj\u0105cy: skrobia (m\u0105czka) kukurydziana<br \/>\u00b7ilo\u015b\u0107 w opakowaniu jednostkowym: 100 sztuk<br \/>\u00b7powierzchnia: g\u0142adka<br \/>\u00b7wyko\u0144czenie mankietu: r\u00f3wnomiernie rolowany brzeg<br \/>\u00b7kszta\u0142t: uniwersalny, pasuj\u0105ce na lew\u0105 i praw\u0105 d\u0142o\u0144<br \/>\u00b7rozmiary: XS (5-6), S (6-7), M (7-8), L (8-9), XL (9-10)<br \/><br \/><\/li>\n<li>R\u0119kawice nitrylowe bezpudrowe zalecane dla os\u00f3b uczulonych na lateks.<br \/>\u00b7rodzaj r\u0119kawic: diagnostyczne, ochronne, nieja\u0142owe<br \/>\u00b7surowiec: nitryl<br \/>\u00b7\u015brodek pudruj\u0105cy: brak<br \/>\u00b7kolor: niebieski\/ fioletowy<br \/>\u00b7ilo\u015b\u0107 w opakowaniu jednostkowym: 100 sztuk<br \/>\u00b7powierzchnia: teksturowana na ko\u0144cach palc\u00f3w<br \/>\u00b7wyko\u0144czenie mankietu: r\u00f3wnomiernie rolowany brzeg<br \/>\u00b7kszta\u0142t: uniwersalny; pasuj\u0105ce na lew\u0105 i praw\u0105 d\u0142o\u0144<br \/>\u00b7rozmiary: XS (5-6), S (6-7), M (7-8), L (8-9), XL (9-10)<br \/><br \/><br \/><\/li>\n<li>R\u0118KAWICE CHIRURGICZNE<br \/><br \/>Lateksowe chirurgiczne r\u0119kawice pudrowane.<br \/>\u00b7rodzaj r\u0119kawic: chirurgiczne, ja\u0142owe<br \/>\u00b7surowiec: lateks kauczuku naturalnego<br \/>\u00b7\u015brodek pudruj\u0105cy: skrobia (m\u0105czka) kukurydziana<br \/>\u00b7ilo\u015b\u0107 w opakowaniu: 1 para, 50 par, 400 par<br \/>\u00b7powierzchnia: lekko teksturowana<br \/>\u00b7wyko\u0144czenie mankietu: rolowany brzeg<br \/>\u00b7kszta\u0142t: anatomiczny; zr\u00f3\u017cnicowane na praw\u0105 i lew\u0105 d\u0142o\u0144<br \/>\u00b7rozmiary: 6,0-9,0<br \/><br \/><\/li>\n<li>R\u0119kawice chirurgiczne o obni\u017conej zwarto\u015bci protein.<br \/>\u00b7rodzaj r\u0119kawic: chirurgiczne, ja\u0142owe<br \/>\u00b7surowiec: lateks kauczuku naturalnego<br \/>\u00b7\u015brodek pudruj\u0105cy: brak<br \/>\u00b7ilo\u015b\u0107 w opakowaniu: 1 para, 50 par, 400 par<br \/>\u00b7powierzchnia: lekko teksturowana<br \/>\u00b7wyko\u0144czenie mankietu: rolowany brzeg<br \/>\u00b7kszta\u0142t: anatomiczny; zr\u00f3\u017cnicowane na praw\u0105 i lew\u0105 d\u0142o\u0144<br \/>\u00b7rozmiary: 6,0-9,0<br \/><br \/><br \/><\/li>\n<li>R\u0119kawice chirurgiczne z wewn\u0119trzn\u0105 bezlateksow\u0105 warstw\u0105 polimerow\u0105.<br \/>\u00b7rodzaj r\u0119kawic: chirurgiczne, ja\u0142owe<br \/>\u00b7surowiec: lateks kauczuku naturalnego<br \/>\u00b7\u015brodek pudruj\u0105cy: brak- z wewn\u0119trzn\u0105 warstw\u0105 bezlateksow\u0105<br \/>\u00b7ilo\u015b\u0107 w opakowaniu: 1 para, 50 par, 400 par<br \/>\u00b7powierzchnia: lekko teksturowana<br \/>\u00b7wyko\u0144czenie mankietu: rolowany brzeg<br \/>\u00b7kszta\u0142t: anatomiczny; zr\u00f3\u017cnicowana na praw\u0105 i lew\u0105 d\u0142o\u0144<br \/>\u00b7rozmiary: 6,0-9,0<\/li>\n<li>\u00a0<\/li>\n<li>R\u0118KAWICE DIAGNOSTYCZNE JA\u0141OWE<br \/><br \/>Diagnostyczne ja\u0142owe r\u0119kawice lateksowe.<br \/>\u00b7rodzaj r\u0119kawic: diagnostyczne, pudrowane, ja\u0142owe<br \/>\u00b7surowiec: lateks kauczuku naturalnego<br \/>\u00b7\u015brodek pudruj\u0105cy: skrobia (m\u0105czka) kukurydziana<br \/>\u00b7ilo\u015b\u0107 w opakowaniu: 1 para, 50 par, 300 par<br \/>\u00b7powierzchnia: g\u0142adka<br \/>\u00b7wyko\u0144czenie mankietu: r\u00f3wnomiernie rolowany brzeg<br \/>\u00b7kszta\u0142t: uniwersalny, pasuj\u0105ce na lew\u0105 i praw\u0105 d\u0142o\u0144<br \/>\u00b7rozmiary: S, M, L<br \/><br \/><br \/><\/li>\n<li>Diagnostyczne ja\u0142owe bezpudrowe r\u0119kawice nitrylowe- alternatywa dla os\u00f3b uczulonych na lateks.<br \/>\u00b7rodzaj r\u0119kawic: diagnostyczne, bezpudrowe, ja\u0142owe<br \/>\u00b7surowiec: nitryl<br \/>\u00b7\u015brodek pudruj\u0105cy: brak<br \/>\u00b7ilo\u015b\u0107 w opakowaniu: 1 para, 50 par, 300 par<br \/>\u00b7powierzchnia: mikroteksturowana<br \/>\u00b7wyko\u0144czenie mankietu: r\u00f3wnomiernie rolowany brzeg<br \/>\u00b7kszta\u0142t: uniwersalny, pasuj\u0105ce na lew\u0105 i praw\u0105 d\u0142o\u0144<br \/>\u00b7rozmiary: S, M, L, XL<\/li>\n<\/ul>\n<!-- \/wp:paragraph -->\t\t\t\t\t<\/div>\n\t\t\t\t\t\t<\/div>\n\t\t\t\t<\/div>\n\t\t\t\t\t\t<\/div>\n\t\t\t\t\t<\/div>\n\t\t<\/div>\n\t\t\t\t\t\t\t\t<\/div>\n\t\t\t\t\t<\/div>\n\t\t<\/section>\n\t\t\t\t\t\t<\/div>\n\t\t\t\t\t\t<\/div>\n\t\t\t\t\t<\/div>\n\t\t","protected":false},"excerpt":{"rendered":"<p>\u00a0 \u00a0 R\u0118KAWICE DIAGNOSTYCZNE I OCHRONNE R\u0119kawice lateksowe pudrowane, diagnostyczne i ochronne.\u00b7rodzaj r\u0119kawic: diagnostyczne, ochronne, nieja\u0142owe\u00b7surowiec: lateks kauczuku naturalnego\u00b7\u015brodek pudruj\u0105cy: skrobia (m\u0105czka) kukurydziana\u00b7ilo\u015b\u0107 w opakowaniu jednostkowym: 100 sztuk\u00b7powierzchnia: g\u0142adka\u00b7wyko\u0144czenie mankietu: r\u00f3wnomiernie rolowany brzeg\u00b7kszta\u0142t: uniwersalny, pasuj\u0105ce na lew\u0105 i praw\u0105 d\u0142o\u0144\u00b7rozmiary: XS (5-6), S (6-7), M (7-8), L (8-9), XL (9-10) R\u0119kawice lateksowe pudrowane, diagnostyczne i&hellip;<\/p>\n","protected":false},"author":1,"featured_media":0,"parent":178,"menu_order":6,"comment_status":"closed","ping_status":"closed","template":"","meta":[],"yoast_head":"<!-- This site is optimized with the Yoast SEO plugin v17.6 - https:\/\/yoast.com\/wordpress\/plugins\/seo\/ -->\n<title>R\u0118KAWICE -<\/title>\n<meta name=\"robots\" content=\"index, follow, max-snippet:-1, max-image-preview:large, max-video-preview:-1\" \/>\n<link rel=\"canonical\" href=\"https:\/\/pepsyna.eu\/index.php\/home-2\/odziez\/odziez-jednorazowa\/rekawice\/\" \/>\n<meta property=\"og:locale\" content=\"pl_PL\" \/>\n<meta property=\"og:type\" content=\"article\" \/>\n<meta property=\"og:title\" content=\"R\u0118KAWICE -\" \/>\n<meta property=\"og:description\" content=\"\u00a0 \u00a0 R\u0118KAWICE DIAGNOSTYCZNE I OCHRONNE R\u0119kawice lateksowe pudrowane, diagnostyczne i ochronne.\u00b7rodzaj r\u0119kawic: diagnostyczne, ochronne, nieja\u0142owe\u00b7surowiec: lateks kauczuku naturalnego\u00b7\u015brodek pudruj\u0105cy: skrobia (m\u0105czka) kukurydziana\u00b7ilo\u015b\u0107 w opakowaniu jednostkowym: 100 sztuk\u00b7powierzchnia: g\u0142adka\u00b7wyko\u0144czenie mankietu: r\u00f3wnomiernie rolowany brzeg\u00b7kszta\u0142t: uniwersalny, pasuj\u0105ce na lew\u0105 i praw\u0105 d\u0142o\u0144\u00b7rozmiary: XS (5-6), S (6-7), M (7-8), L (8-9), XL (9-10) R\u0119kawice lateksowe pudrowane, diagnostyczne i&hellip;\" \/>\n<meta property=\"og:url\" content=\"https:\/\/pepsyna.eu\/index.php\/home-2\/odziez\/odziez-jednorazowa\/rekawice\/\" \/>\n<meta property=\"article:modified_time\" content=\"2021-04-10T13:09:16+00:00\" \/>\n<meta property=\"og:image\" content=\"https:\/\/pepsyna.eu\/wp-content\/uploads\/2021\/04\/rekawiczki-300x188.jpg\" \/>\n<meta name=\"twitter:card\" content=\"summary_large_image\" \/>\n<meta name=\"twitter:label1\" content=\"Szacowany czas czytania\" \/>\n\t<meta name=\"twitter:data1\" content=\"3 minuty\" \/>\n<script type=\"application\/ld+json\" class=\"yoast-schema-graph\">{\"@context\":\"https:\/\/schema.org\",\"@graph\":[{\"@type\":\"Organization\",\"@id\":\"https:\/\/pepsyna.eu\/#organization\",\"name\":\"EPI 2\",\"url\":\"https:\/\/pepsyna.eu\/\",\"sameAs\":[],\"logo\":{\"@type\":\"ImageObject\",\"@id\":\"https:\/\/pepsyna.eu\/#logo\",\"inLanguage\":\"pl-PL\",\"url\":\"https:\/\/pepsyna.eu\/wp-content\/uploads\/2021\/03\/cropped-LOGO-EPI2-1.jpg\",\"contentUrl\":\"https:\/\/pepsyna.eu\/wp-content\/uploads\/2021\/03\/cropped-LOGO-EPI2-1.jpg\",\"width\":403,\"height\":85,\"caption\":\"EPI 2\"},\"image\":{\"@id\":\"https:\/\/pepsyna.eu\/#logo\"}},{\"@type\":\"WebSite\",\"@id\":\"https:\/\/pepsyna.eu\/#website\",\"url\":\"https:\/\/pepsyna.eu\/\",\"name\":\"WYSPOSA\\u017bENIE LABORATORYJNE\",\"description\":\"\",\"publisher\":{\"@id\":\"https:\/\/pepsyna.eu\/#organization\"},\"potentialAction\":[{\"@type\":\"SearchAction\",\"target\":{\"@type\":\"EntryPoint\",\"urlTemplate\":\"https:\/\/pepsyna.eu\/?s={search_term_string}\"},\"query-input\":\"required name=search_term_string\"}],\"inLanguage\":\"pl-PL\"},{\"@type\":\"ImageObject\",\"@id\":\"https:\/\/pepsyna.eu\/index.php\/home-2\/odziez\/odziez-jednorazowa\/rekawice\/#primaryimage\",\"inLanguage\":\"pl-PL\",\"url\":\"https:\/\/pepsyna.eu\/wp-content\/uploads\/2021\/04\/rekawiczki.jpg\",\"contentUrl\":\"https:\/\/pepsyna.eu\/wp-content\/uploads\/2021\/04\/rekawiczki.jpg\",\"width\":720,\"height\":450},{\"@type\":\"WebPage\",\"@id\":\"https:\/\/pepsyna.eu\/index.php\/home-2\/odziez\/odziez-jednorazowa\/rekawice\/#webpage\",\"url\":\"https:\/\/pepsyna.eu\/index.php\/home-2\/odziez\/odziez-jednorazowa\/rekawice\/\",\"name\":\"R\\u0118KAWICE -\",\"isPartOf\":{\"@id\":\"https:\/\/pepsyna.eu\/#website\"},\"primaryImageOfPage\":{\"@id\":\"https:\/\/pepsyna.eu\/index.php\/home-2\/odziez\/odziez-jednorazowa\/rekawice\/#primaryimage\"},\"datePublished\":\"2021-03-15T16:08:06+00:00\",\"dateModified\":\"2021-04-10T13:09:16+00:00\",\"breadcrumb\":{\"@id\":\"https:\/\/pepsyna.eu\/index.php\/home-2\/odziez\/odziez-jednorazowa\/rekawice\/#breadcrumb\"},\"inLanguage\":\"pl-PL\",\"potentialAction\":[{\"@type\":\"ReadAction\",\"target\":[\"https:\/\/pepsyna.eu\/index.php\/home-2\/odziez\/odziez-jednorazowa\/rekawice\/\"]}]},{\"@type\":\"BreadcrumbList\",\"@id\":\"https:\/\/pepsyna.eu\/index.php\/home-2\/odziez\/odziez-jednorazowa\/rekawice\/#breadcrumb\",\"itemListElement\":[{\"@type\":\"ListItem\",\"position\":1,\"name\":\"Strona g\\u0142\\u00f3wna\",\"item\":\"https:\/\/pepsyna.eu\/\"},{\"@type\":\"ListItem\",\"position\":2,\"name\":\"EPI 2 OFERTA\",\"item\":\"https:\/\/pepsyna.eu\/\"},{\"@type\":\"ListItem\",\"position\":3,\"name\":\"ODZIE\\u017b\",\"item\":\"https:\/\/pepsyna.eu\/index.php\/home-2\/odziez\/\"},{\"@type\":\"ListItem\",\"position\":4,\"name\":\"ODZIE\\u017b JEDNORAZOWA\",\"item\":\"https:\/\/pepsyna.eu\/index.php\/home-2\/odziez\/odziez-jednorazowa\/\"},{\"@type\":\"ListItem\",\"position\":5,\"name\":\"R\\u0118KAWICE\"}]}]}<\/script>\n<!-- \/ Yoast SEO plugin. -->","yoast_head_json":{"title":"R\u0118KAWICE -","robots":{"index":"index","follow":"follow","max-snippet":"max-snippet:-1","max-image-preview":"max-image-preview:large","max-video-preview":"max-video-preview:-1"},"canonical":"https:\/\/pepsyna.eu\/index.php\/home-2\/odziez\/odziez-jednorazowa\/rekawice\/","og_locale":"pl_PL","og_type":"article","og_title":"R\u0118KAWICE -","og_description":"\u00a0 \u00a0 R\u0118KAWICE DIAGNOSTYCZNE I OCHRONNE R\u0119kawice lateksowe pudrowane, diagnostyczne i ochronne.\u00b7rodzaj r\u0119kawic: diagnostyczne, ochronne, nieja\u0142owe\u00b7surowiec: lateks kauczuku naturalnego\u00b7\u015brodek pudruj\u0105cy: skrobia (m\u0105czka) kukurydziana\u00b7ilo\u015b\u0107 w opakowaniu jednostkowym: 100 sztuk\u00b7powierzchnia: g\u0142adka\u00b7wyko\u0144czenie mankietu: r\u00f3wnomiernie rolowany brzeg\u00b7kszta\u0142t: uniwersalny, pasuj\u0105ce na lew\u0105 i praw\u0105 d\u0142o\u0144\u00b7rozmiary: XS (5-6), S (6-7), M (7-8), L (8-9), XL (9-10) R\u0119kawice lateksowe pudrowane, diagnostyczne i&hellip;","og_url":"https:\/\/pepsyna.eu\/index.php\/home-2\/odziez\/odziez-jednorazowa\/rekawice\/","article_modified_time":"2021-04-10T13:09:16+00:00","og_image":[{"url":"https:\/\/pepsyna.eu\/wp-content\/uploads\/2021\/04\/rekawiczki-300x188.jpg"}],"twitter_card":"summary_large_image","twitter_misc":{"Szacowany czas czytania":"3 minuty"},"schema":{"@context":"https:\/\/schema.org","@graph":[{"@type":"Organization","@id":"https:\/\/pepsyna.eu\/#organization","name":"EPI 2","url":"https:\/\/pepsyna.eu\/","sameAs":[],"logo":{"@type":"ImageObject","@id":"https:\/\/pepsyna.eu\/#logo","inLanguage":"pl-PL","url":"https:\/\/pepsyna.eu\/wp-content\/uploads\/2021\/03\/cropped-LOGO-EPI2-1.jpg","contentUrl":"https:\/\/pepsyna.eu\/wp-content\/uploads\/2021\/03\/cropped-LOGO-EPI2-1.jpg","width":403,"height":85,"caption":"EPI 2"},"image":{"@id":"https:\/\/pepsyna.eu\/#logo"}},{"@type":"WebSite","@id":"https:\/\/pepsyna.eu\/#website","url":"https:\/\/pepsyna.eu\/","name":"WYSPOSA\u017bENIE LABORATORYJNE","description":"","publisher":{"@id":"https:\/\/pepsyna.eu\/#organization"},"potentialAction":[{"@type":"SearchAction","target":{"@type":"EntryPoint","urlTemplate":"https:\/\/pepsyna.eu\/?s={search_term_string}"},"query-input":"required name=search_term_string"}],"inLanguage":"pl-PL"},{"@type":"ImageObject","@id":"https:\/\/pepsyna.eu\/index.php\/home-2\/odziez\/odziez-jednorazowa\/rekawice\/#primaryimage","inLanguage":"pl-PL","url":"https:\/\/pepsyna.eu\/wp-content\/uploads\/2021\/04\/rekawiczki.jpg","contentUrl":"https:\/\/pepsyna.eu\/wp-content\/uploads\/2021\/04\/rekawiczki.jpg","width":720,"height":450},{"@type":"WebPage","@id":"https:\/\/pepsyna.eu\/index.php\/home-2\/odziez\/odziez-jednorazowa\/rekawice\/#webpage","url":"https:\/\/pepsyna.eu\/index.php\/home-2\/odziez\/odziez-jednorazowa\/rekawice\/","name":"R\u0118KAWICE -","isPartOf":{"@id":"https:\/\/pepsyna.eu\/#website"},"primaryImageOfPage":{"@id":"https:\/\/pepsyna.eu\/index.php\/home-2\/odziez\/odziez-jednorazowa\/rekawice\/#primaryimage"},"datePublished":"2021-03-15T16:08:06+00:00","dateModified":"2021-04-10T13:09:16+00:00","breadcrumb":{"@id":"https:\/\/pepsyna.eu\/index.php\/home-2\/odziez\/odziez-jednorazowa\/rekawice\/#breadcrumb"},"inLanguage":"pl-PL","potentialAction":[{"@type":"ReadAction","target":["https:\/\/pepsyna.eu\/index.php\/home-2\/odziez\/odziez-jednorazowa\/rekawice\/"]}]},{"@type":"BreadcrumbList","@id":"https:\/\/pepsyna.eu\/index.php\/home-2\/odziez\/odziez-jednorazowa\/rekawice\/#breadcrumb","itemListElement":[{"@type":"ListItem","position":1,"name":"Strona g\u0142\u00f3wna","item":"https:\/\/pepsyna.eu\/"},{"@type":"ListItem","position":2,"name":"EPI 2 OFERTA","item":"https:\/\/pepsyna.eu\/"},{"@type":"ListItem","position":3,"name":"ODZIE\u017b","item":"https:\/\/pepsyna.eu\/index.php\/home-2\/odziez\/"},{"@type":"ListItem","position":4,"name":"ODZIE\u017b JEDNORAZOWA","item":"https:\/\/pepsyna.eu\/index.php\/home-2\/odziez\/odziez-jednorazowa\/"},{"@type":"ListItem","position":5,"name":"R\u0118KAWICE"}]}]}},"_links":{"self":[{"href":"https:\/\/pepsyna.eu\/index.php\/wp-json\/wp\/v2\/pages\/190"}],"collection":[{"href":"https:\/\/pepsyna.eu\/index.php\/wp-json\/wp\/v2\/pages"}],"about":[{"href":"https:\/\/pepsyna.eu\/index.php\/wp-json\/wp\/v2\/types\/page"}],"author":[{"embeddable":true,"href":"https:\/\/pepsyna.eu\/index.php\/wp-json\/wp\/v2\/users\/1"}],"replies":[{"embeddable":true,"href":"https:\/\/pepsyna.eu\/index.php\/wp-json\/wp\/v2\/comments?post=190"}],"version-history":[{"count":8,"href":"https:\/\/pepsyna.eu\/index.php\/wp-json\/wp\/v2\/pages\/190\/revisions"}],"predecessor-version":[{"id":914,"href":"https:\/\/pepsyna.eu\/index.php\/wp-json\/wp\/v2\/pages\/190\/revisions\/914"}],"up":[{"embeddable":true,"href":"https:\/\/pepsyna.eu\/index.php\/wp-json\/wp\/v2\/pages\/178"}],"wp:attachment":[{"href":"https:\/\/pepsyna.eu\/index.php\/wp-json\/wp\/v2\/media?parent=190"}],"curies":[{"name":"wp","href":"https:\/\/api.w.org\/{rel}","templated":true}]}}