{"id":182,"date":"2021-03-15T16:04:04","date_gmt":"2021-03-15T16:04:04","guid":{"rendered":"http:\/\/pepsyna.eu\/?page_id=182"},"modified":"2021-03-29T15:04:06","modified_gmt":"2021-03-29T15:04:06","slug":"maski","status":"publish","type":"page","link":"https:\/\/pepsyna.eu\/index.php\/home-2\/odziez\/odziez-jednorazowa\/maski\/","title":{"rendered":"MASKI"},"content":{"rendered":"\t\t<div data-elementor-type=\"wp-page\" data-elementor-id=\"182\" class=\"elementor elementor-182\" data-elementor-settings=\"[]\">\n\t\t\t\t\t\t<div class=\"elementor-inner\">\n\t\t\t\t\t\t\t<div class=\"elementor-section-wrap\">\n\t\t\t\t\t\t\t<section class=\"elementor-section elementor-top-section elementor-element elementor-element-20ccd9c8 elementor-section-boxed elementor-section-height-default elementor-section-height-default\" data-id=\"20ccd9c8\" data-element_type=\"section\">\n\t\t\t\t\t\t<div class=\"elementor-container elementor-column-gap-default\">\n\t\t\t\t\t\t\t<div class=\"elementor-row\">\n\t\t\t\t\t<div class=\"elementor-column elementor-col-100 elementor-top-column elementor-element elementor-element-56009cdf\" data-id=\"56009cdf\" data-element_type=\"column\">\n\t\t\t<div class=\"elementor-column-wrap elementor-element-populated\">\n\t\t\t\t\t\t\t<div class=\"elementor-widget-wrap\">\n\t\t\t\t\t\t<div class=\"elementor-element elementor-element-1bfd6b14 elementor-widget elementor-widget-text-editor\" data-id=\"1bfd6b14\" data-element_type=\"widget\" data-widget_type=\"text-editor.default\">\n\t\t\t\t<div class=\"elementor-widget-container\">\n\t\t\t\t\t\t\t\t<div class=\"elementor-text-editor elementor-clearfix\">\n\t\t\t\t<!-- wp:paragraph -->\n<p><a href=\"https:\/\/pepsyna.eu\"><img loading=\"lazy\" class=\"alignnone wp-image-800\" src=\"https:\/\/pepsyna.eu\/wp-content\/uploads\/2021\/03\/maski-300x149.jpg\" alt=\"\" width=\"163\" height=\"81\" srcset=\"https:\/\/pepsyna.eu\/wp-content\/uploads\/2021\/03\/maski-300x149.jpg 300w, https:\/\/pepsyna.eu\/wp-content\/uploads\/2021\/03\/maski-768x381.jpg 768w, https:\/\/pepsyna.eu\/wp-content\/uploads\/2021\/03\/maski.jpg 974w\" sizes=\"(max-width: 163px) 100vw, 163px\" \/><\/a><a href=\"https:\/\/pepsyna.eu\"><img loading=\"lazy\" class=\"alignnone wp-image-801\" src=\"https:\/\/pepsyna.eu\/wp-content\/uploads\/2021\/03\/maski2-300x102.jpg\" alt=\"\" width=\"290\" height=\"99\" srcset=\"https:\/\/pepsyna.eu\/wp-content\/uploads\/2021\/03\/maski2-300x102.jpg 300w, https:\/\/pepsyna.eu\/wp-content\/uploads\/2021\/03\/maski2-1024x349.jpg 1024w, https:\/\/pepsyna.eu\/wp-content\/uploads\/2021\/03\/maski2-768x262.jpg 768w, https:\/\/pepsyna.eu\/wp-content\/uploads\/2021\/03\/maski2-1536x524.jpg 1536w, https:\/\/pepsyna.eu\/wp-content\/uploads\/2021\/03\/maski2.jpg 1785w\" sizes=\"(max-width: 290px) 100vw, 290px\" \/><\/a><\/p>\n<p>KLASA FFP3 KATEGORIA III<\/p>\n<ul>\n<li class=\"product_title entry-title\">P\u00d3\u0141MASKA FILTRUJ\u0104CA EPZF A 0\/34Z FFP3 NR D (z w\u0119glem aktywnym)<\/li>\n<li class=\"product_title entry-title\">P\u00d3\u0141MASKA FILTRUJ\u0104CA EPZF 0\/33 FFP3 NR D<\/li>\n<li class=\"product_title entry-title\">P\u00d3\u0141MASKA FILTRUJ\u0104CA EPZF 0\/35 Z FFP3 NR D<\/li>\n<li class=\"product_title entry-title\">P\u00d3LMASKA FILTRUJACA EPZF 0\/27 Z FFP3 NR D<\/li>\n<li class=\"product_title entry-title\">P\u00d3\u0141MASKA FILTRUJ\u0104CA EPZF 0\/33 FFP3 NR D<\/li>\n<\/ul>\n<p>\u00a0<\/p>\n<ul>\n<li>\n<p>Maseczki medyczne ochronne 3-warstwowe w\u0142\u00f3kninowe nieja\u0142owe uchwyty elastyczne\u00a0<\/p>\n<\/li>\n<\/ul>\n<p>\u00a0<\/p>\n<ul>\n<li>P\u00f3\u0142maski czaszowe\u00a0 FFP2 z filtrem lub bez<\/li>\n<\/ul>\n<p>\u00a0<\/p>\n<p>\u00a0<\/p>\n<p>\u00a0<\/p>\n<!-- \/wp:paragraph -->\t\t\t\t\t<\/div>\n\t\t\t\t\t\t<\/div>\n\t\t\t\t<\/div>\n\t\t\t\t\t\t<\/div>\n\t\t\t\t\t<\/div>\n\t\t<\/div>\n\t\t\t\t\t\t\t\t<\/div>\n\t\t\t\t\t<\/div>\n\t\t<\/section>\n\t\t\t\t\t\t<\/div>\n\t\t\t\t\t\t<\/div>\n\t\t\t\t\t<\/div>\n\t\t","protected":false},"excerpt":{"rendered":"<p>KLASA FFP3 KATEGORIA III P\u00d3\u0141MASKA FILTRUJ\u0104CA EPZF A 0\/34Z FFP3 NR D (z w\u0119glem aktywnym) P\u00d3\u0141MASKA FILTRUJ\u0104CA EPZF 0\/33 FFP3 NR D P\u00d3\u0141MASKA FILTRUJ\u0104CA EPZF 0\/35 Z FFP3 NR D P\u00d3LMASKA FILTRUJACA EPZF 0\/27 Z FFP3 NR D P\u00d3\u0141MASKA FILTRUJ\u0104CA EPZF 0\/33 FFP3 NR D \u00a0 Maseczki medyczne ochronne 3-warstwowe w\u0142\u00f3kninowe nieja\u0142owe uchwyty elastyczne\u00a0 \u00a0&hellip;<\/p>\n","protected":false},"author":1,"featured_media":0,"parent":178,"menu_order":2,"comment_status":"closed","ping_status":"closed","template":"","meta":[],"yoast_head":"<!-- This site is optimized with the Yoast SEO plugin v17.6 - https:\/\/yoast.com\/wordpress\/plugins\/seo\/ -->\n<title>MASKI -<\/title>\n<meta name=\"robots\" content=\"index, follow, max-snippet:-1, max-image-preview:large, max-video-preview:-1\" \/>\n<link rel=\"canonical\" href=\"https:\/\/pepsyna.eu\/index.php\/home-2\/odziez\/odziez-jednorazowa\/maski\/\" \/>\n<meta property=\"og:locale\" content=\"pl_PL\" \/>\n<meta property=\"og:type\" content=\"article\" \/>\n<meta property=\"og:title\" content=\"MASKI -\" \/>\n<meta property=\"og:description\" content=\"KLASA FFP3 KATEGORIA III P\u00d3\u0141MASKA FILTRUJ\u0104CA EPZF A 0\/34Z FFP3 NR D (z w\u0119glem aktywnym) P\u00d3\u0141MASKA FILTRUJ\u0104CA EPZF 0\/33 FFP3 NR D P\u00d3\u0141MASKA FILTRUJ\u0104CA EPZF 0\/35 Z FFP3 NR D P\u00d3LMASKA FILTRUJACA EPZF 0\/27 Z FFP3 NR D P\u00d3\u0141MASKA FILTRUJ\u0104CA EPZF 0\/33 FFP3 NR D \u00a0 Maseczki medyczne ochronne 3-warstwowe w\u0142\u00f3kninowe nieja\u0142owe uchwyty elastyczne\u00a0 \u00a0&hellip;\" \/>\n<meta property=\"og:url\" content=\"https:\/\/pepsyna.eu\/index.php\/home-2\/odziez\/odziez-jednorazowa\/maski\/\" \/>\n<meta property=\"article:modified_time\" content=\"2021-03-29T15:04:06+00:00\" \/>\n<meta property=\"og:image\" content=\"https:\/\/pepsyna.eu\/wp-content\/uploads\/2021\/03\/maski-300x149.jpg\" \/>\n<meta name=\"twitter:card\" content=\"summary_large_image\" \/>\n<meta name=\"twitter:label1\" content=\"Szacowany czas czytania\" \/>\n\t<meta name=\"twitter:data1\" content=\"1 minuta\" \/>\n<script type=\"application\/ld+json\" class=\"yoast-schema-graph\">{\"@context\":\"https:\/\/schema.org\",\"@graph\":[{\"@type\":\"Organization\",\"@id\":\"https:\/\/pepsyna.eu\/#organization\",\"name\":\"EPI 2\",\"url\":\"https:\/\/pepsyna.eu\/\",\"sameAs\":[],\"logo\":{\"@type\":\"ImageObject\",\"@id\":\"https:\/\/pepsyna.eu\/#logo\",\"inLanguage\":\"pl-PL\",\"url\":\"https:\/\/pepsyna.eu\/wp-content\/uploads\/2021\/03\/cropped-LOGO-EPI2-1.jpg\",\"contentUrl\":\"https:\/\/pepsyna.eu\/wp-content\/uploads\/2021\/03\/cropped-LOGO-EPI2-1.jpg\",\"width\":403,\"height\":85,\"caption\":\"EPI 2\"},\"image\":{\"@id\":\"https:\/\/pepsyna.eu\/#logo\"}},{\"@type\":\"WebSite\",\"@id\":\"https:\/\/pepsyna.eu\/#website\",\"url\":\"https:\/\/pepsyna.eu\/\",\"name\":\"WYSPOSA\\u017bENIE LABORATORYJNE\",\"description\":\"\",\"publisher\":{\"@id\":\"https:\/\/pepsyna.eu\/#organization\"},\"potentialAction\":[{\"@type\":\"SearchAction\",\"target\":{\"@type\":\"EntryPoint\",\"urlTemplate\":\"https:\/\/pepsyna.eu\/?s={search_term_string}\"},\"query-input\":\"required name=search_term_string\"}],\"inLanguage\":\"pl-PL\"},{\"@type\":\"ImageObject\",\"@id\":\"https:\/\/pepsyna.eu\/index.php\/home-2\/odziez\/odziez-jednorazowa\/maski\/#primaryimage\",\"inLanguage\":\"pl-PL\",\"url\":\"https:\/\/pepsyna.eu\/wp-content\/uploads\/2021\/03\/maski.jpg\",\"contentUrl\":\"https:\/\/pepsyna.eu\/wp-content\/uploads\/2021\/03\/maski.jpg\",\"width\":974,\"height\":483},{\"@type\":\"WebPage\",\"@id\":\"https:\/\/pepsyna.eu\/index.php\/home-2\/odziez\/odziez-jednorazowa\/maski\/#webpage\",\"url\":\"https:\/\/pepsyna.eu\/index.php\/home-2\/odziez\/odziez-jednorazowa\/maski\/\",\"name\":\"MASKI -\",\"isPartOf\":{\"@id\":\"https:\/\/pepsyna.eu\/#website\"},\"primaryImageOfPage\":{\"@id\":\"https:\/\/pepsyna.eu\/index.php\/home-2\/odziez\/odziez-jednorazowa\/maski\/#primaryimage\"},\"datePublished\":\"2021-03-15T16:04:04+00:00\",\"dateModified\":\"2021-03-29T15:04:06+00:00\",\"breadcrumb\":{\"@id\":\"https:\/\/pepsyna.eu\/index.php\/home-2\/odziez\/odziez-jednorazowa\/maski\/#breadcrumb\"},\"inLanguage\":\"pl-PL\",\"potentialAction\":[{\"@type\":\"ReadAction\",\"target\":[\"https:\/\/pepsyna.eu\/index.php\/home-2\/odziez\/odziez-jednorazowa\/maski\/\"]}]},{\"@type\":\"BreadcrumbList\",\"@id\":\"https:\/\/pepsyna.eu\/index.php\/home-2\/odziez\/odziez-jednorazowa\/maski\/#breadcrumb\",\"itemListElement\":[{\"@type\":\"ListItem\",\"position\":1,\"name\":\"Strona g\\u0142\\u00f3wna\",\"item\":\"https:\/\/pepsyna.eu\/\"},{\"@type\":\"ListItem\",\"position\":2,\"name\":\"EPI 2 OFERTA\",\"item\":\"https:\/\/pepsyna.eu\/\"},{\"@type\":\"ListItem\",\"position\":3,\"name\":\"ODZIE\\u017b\",\"item\":\"https:\/\/pepsyna.eu\/index.php\/home-2\/odziez\/\"},{\"@type\":\"ListItem\",\"position\":4,\"name\":\"ODZIE\\u017b JEDNORAZOWA\",\"item\":\"https:\/\/pepsyna.eu\/index.php\/home-2\/odziez\/odziez-jednorazowa\/\"},{\"@type\":\"ListItem\",\"position\":5,\"name\":\"MASKI\"}]}]}<\/script>\n<!-- \/ Yoast SEO plugin. -->","yoast_head_json":{"title":"MASKI -","robots":{"index":"index","follow":"follow","max-snippet":"max-snippet:-1","max-image-preview":"max-image-preview:large","max-video-preview":"max-video-preview:-1"},"canonical":"https:\/\/pepsyna.eu\/index.php\/home-2\/odziez\/odziez-jednorazowa\/maski\/","og_locale":"pl_PL","og_type":"article","og_title":"MASKI -","og_description":"KLASA FFP3 KATEGORIA III P\u00d3\u0141MASKA FILTRUJ\u0104CA EPZF A 0\/34Z FFP3 NR D (z w\u0119glem aktywnym) P\u00d3\u0141MASKA FILTRUJ\u0104CA EPZF 0\/33 FFP3 NR D P\u00d3\u0141MASKA FILTRUJ\u0104CA EPZF 0\/35 Z FFP3 NR D P\u00d3LMASKA FILTRUJACA EPZF 0\/27 Z FFP3 NR D P\u00d3\u0141MASKA FILTRUJ\u0104CA EPZF 0\/33 FFP3 NR D \u00a0 Maseczki medyczne ochronne 3-warstwowe w\u0142\u00f3kninowe nieja\u0142owe uchwyty elastyczne\u00a0 \u00a0&hellip;","og_url":"https:\/\/pepsyna.eu\/index.php\/home-2\/odziez\/odziez-jednorazowa\/maski\/","article_modified_time":"2021-03-29T15:04:06+00:00","og_image":[{"url":"https:\/\/pepsyna.eu\/wp-content\/uploads\/2021\/03\/maski-300x149.jpg"}],"twitter_card":"summary_large_image","twitter_misc":{"Szacowany czas czytania":"1 minuta"},"schema":{"@context":"https:\/\/schema.org","@graph":[{"@type":"Organization","@id":"https:\/\/pepsyna.eu\/#organization","name":"EPI 2","url":"https:\/\/pepsyna.eu\/","sameAs":[],"logo":{"@type":"ImageObject","@id":"https:\/\/pepsyna.eu\/#logo","inLanguage":"pl-PL","url":"https:\/\/pepsyna.eu\/wp-content\/uploads\/2021\/03\/cropped-LOGO-EPI2-1.jpg","contentUrl":"https:\/\/pepsyna.eu\/wp-content\/uploads\/2021\/03\/cropped-LOGO-EPI2-1.jpg","width":403,"height":85,"caption":"EPI 2"},"image":{"@id":"https:\/\/pepsyna.eu\/#logo"}},{"@type":"WebSite","@id":"https:\/\/pepsyna.eu\/#website","url":"https:\/\/pepsyna.eu\/","name":"WYSPOSA\u017bENIE LABORATORYJNE","description":"","publisher":{"@id":"https:\/\/pepsyna.eu\/#organization"},"potentialAction":[{"@type":"SearchAction","target":{"@type":"EntryPoint","urlTemplate":"https:\/\/pepsyna.eu\/?s={search_term_string}"},"query-input":"required name=search_term_string"}],"inLanguage":"pl-PL"},{"@type":"ImageObject","@id":"https:\/\/pepsyna.eu\/index.php\/home-2\/odziez\/odziez-jednorazowa\/maski\/#primaryimage","inLanguage":"pl-PL","url":"https:\/\/pepsyna.eu\/wp-content\/uploads\/2021\/03\/maski.jpg","contentUrl":"https:\/\/pepsyna.eu\/wp-content\/uploads\/2021\/03\/maski.jpg","width":974,"height":483},{"@type":"WebPage","@id":"https:\/\/pepsyna.eu\/index.php\/home-2\/odziez\/odziez-jednorazowa\/maski\/#webpage","url":"https:\/\/pepsyna.eu\/index.php\/home-2\/odziez\/odziez-jednorazowa\/maski\/","name":"MASKI -","isPartOf":{"@id":"https:\/\/pepsyna.eu\/#website"},"primaryImageOfPage":{"@id":"https:\/\/pepsyna.eu\/index.php\/home-2\/odziez\/odziez-jednorazowa\/maski\/#primaryimage"},"datePublished":"2021-03-15T16:04:04+00:00","dateModified":"2021-03-29T15:04:06+00:00","breadcrumb":{"@id":"https:\/\/pepsyna.eu\/index.php\/home-2\/odziez\/odziez-jednorazowa\/maski\/#breadcrumb"},"inLanguage":"pl-PL","potentialAction":[{"@type":"ReadAction","target":["https:\/\/pepsyna.eu\/index.php\/home-2\/odziez\/odziez-jednorazowa\/maski\/"]}]},{"@type":"BreadcrumbList","@id":"https:\/\/pepsyna.eu\/index.php\/home-2\/odziez\/odziez-jednorazowa\/maski\/#breadcrumb","itemListElement":[{"@type":"ListItem","position":1,"name":"Strona g\u0142\u00f3wna","item":"https:\/\/pepsyna.eu\/"},{"@type":"ListItem","position":2,"name":"EPI 2 OFERTA","item":"https:\/\/pepsyna.eu\/"},{"@type":"ListItem","position":3,"name":"ODZIE\u017b","item":"https:\/\/pepsyna.eu\/index.php\/home-2\/odziez\/"},{"@type":"ListItem","position":4,"name":"ODZIE\u017b JEDNORAZOWA","item":"https:\/\/pepsyna.eu\/index.php\/home-2\/odziez\/odziez-jednorazowa\/"},{"@type":"ListItem","position":5,"name":"MASKI"}]}]}},"_links":{"self":[{"href":"https:\/\/pepsyna.eu\/index.php\/wp-json\/wp\/v2\/pages\/182"}],"collection":[{"href":"https:\/\/pepsyna.eu\/index.php\/wp-json\/wp\/v2\/pages"}],"about":[{"href":"https:\/\/pepsyna.eu\/index.php\/wp-json\/wp\/v2\/types\/page"}],"author":[{"embeddable":true,"href":"https:\/\/pepsyna.eu\/index.php\/wp-json\/wp\/v2\/users\/1"}],"replies":[{"embeddable":true,"href":"https:\/\/pepsyna.eu\/index.php\/wp-json\/wp\/v2\/comments?post=182"}],"version-history":[{"count":10,"href":"https:\/\/pepsyna.eu\/index.php\/wp-json\/wp\/v2\/pages\/182\/revisions"}],"predecessor-version":[{"id":812,"href":"https:\/\/pepsyna.eu\/index.php\/wp-json\/wp\/v2\/pages\/182\/revisions\/812"}],"up":[{"embeddable":true,"href":"https:\/\/pepsyna.eu\/index.php\/wp-json\/wp\/v2\/pages\/178"}],"wp:attachment":[{"href":"https:\/\/pepsyna.eu\/index.php\/wp-json\/wp\/v2\/media?parent=182"}],"curies":[{"name":"wp","href":"https:\/\/api.w.org\/{rel}","templated":true}]}}