{"id":156,"date":"2021-03-15T15:44:56","date_gmt":"2021-03-15T15:44:56","guid":{"rendered":"http:\/\/pepsyna.eu\/?page_id=156"},"modified":"2021-03-25T23:13:31","modified_gmt":"2021-03-25T23:13:31","slug":"wasa-soft","status":"publish","type":"page","link":"https:\/\/pepsyna.eu\/index.php\/home-2\/srodki-do-mycia-i-dezynfekcji\/wasa-soft\/","title":{"rendered":"WASA SOFT"},"content":{"rendered":"\t\t<div data-elementor-type=\"wp-page\" data-elementor-id=\"156\" class=\"elementor elementor-156\" data-elementor-settings=\"[]\">\n\t\t\t\t\t\t<div class=\"elementor-inner\">\n\t\t\t\t\t\t\t<div class=\"elementor-section-wrap\">\n\t\t\t\t\t\t\t<section class=\"elementor-section elementor-top-section elementor-element elementor-element-5a27e49c elementor-section-boxed elementor-section-height-default elementor-section-height-default\" data-id=\"5a27e49c\" data-element_type=\"section\">\n\t\t\t\t\t\t<div class=\"elementor-container elementor-column-gap-default\">\n\t\t\t\t\t\t\t<div class=\"elementor-row\">\n\t\t\t\t\t<div class=\"elementor-column elementor-col-100 elementor-top-column elementor-element elementor-element-1eb5c14\" data-id=\"1eb5c14\" data-element_type=\"column\">\n\t\t\t<div class=\"elementor-column-wrap elementor-element-populated\">\n\t\t\t\t\t\t\t<div class=\"elementor-widget-wrap\">\n\t\t\t\t\t\t<div class=\"elementor-element elementor-element-3a9dd2d9 elementor-widget elementor-widget-text-editor\" data-id=\"3a9dd2d9\" data-element_type=\"widget\" data-widget_type=\"text-editor.default\">\n\t\t\t\t<div class=\"elementor-widget-container\">\n\t\t\t\t\t\t\t\t<div class=\"elementor-text-editor elementor-clearfix\">\n\t\t\t\t<p><!-- wp:paragraph --><\/p>\n<p><a href=\"https:\/\/pepsyna.eu\"><img loading=\"lazy\" class=\"size-medium wp-image-775 aligncenter\" src=\"https:\/\/pepsyna.eu\/wp-content\/uploads\/2021\/03\/wasa-soft-144x300.jpg\" alt=\"\" width=\"144\" height=\"300\" srcset=\"https:\/\/pepsyna.eu\/wp-content\/uploads\/2021\/03\/wasa-soft-144x300.jpg 144w, https:\/\/pepsyna.eu\/wp-content\/uploads\/2021\/03\/wasa-soft-490x1024.jpg 490w, https:\/\/pepsyna.eu\/wp-content\/uploads\/2021\/03\/wasa-soft-768x1605.jpg 768w, https:\/\/pepsyna.eu\/wp-content\/uploads\/2021\/03\/wasa-soft-735x1536.jpg 735w, https:\/\/pepsyna.eu\/wp-content\/uploads\/2021\/03\/wasa-soft.jpg 771w\" sizes=\"(max-width: 144px) 100vw, 144px\" \/><\/a><\/p>\n<p>\u00a0<\/p>\n<ul>\n<li><strong>Delikatny lotion przeznaczony do chirurgicznego i higienicznego mycia r\u0105k oraz og\u00f3lnego mycia cia\u0142a podczas k\u0105pieli i pod prysznicem.<\/strong><\/li>\n<\/ul>\n<p>\u00a0<\/p>\n<ul>\n<li>wysokiej jako\u015bci syntetyczne myd\u0142o w p\u0142ynie<\/li>\n<li>bardzo dobrze si\u0119 pieni i sp\u0142ukuje<\/li>\n<li>doskonale oczyszcza sk\u00f3r\u0119 z zanieczyszcze\u0144 i mikroorganizm\u00f3w<\/li>\n<li>ma przyjemny, delikatny zapach<\/li>\n<li>idealny do cz\u0119stego stosowania dla os\u00f3b o wra\u017cliwej sk\u00f3rze<\/li>\n<li>niezast\u0105piony przy piel\u0119gnacji os\u00f3b ob\u0142o\u017cnie chorych<\/li>\n<li>nie wywo\u0142uje alergii i podra\u017cnie\u0144 sk\u00f3ry<\/li>\n<li>zawiera substancje piel\u0119gnuj\u0105ce i regeneruj\u0105ce sk\u00f3r\u0119<\/li>\n<li>bardzo wydajny<\/li>\n<li>charakteryzuje si\u0119 neutralnym dla sk\u00f3ry pH<\/li>\n<li>polecany do cz\u0119stego mycia r\u0105k i ca\u0142ego cia\u0142a<\/li>\n<li>butelki s\u0105 dostosowane do typowych ramieniowych dozownik\u00f3w \u015bciennych (typu Ingo-Man, Lydos)<\/li>\n<\/ul>\n<p>Opakowania: 500 ml, 1 litr<\/p>\n<p>\u00a0<\/p>\n<p><!-- \/wp:paragraph --><\/p>\t\t\t\t\t<\/div>\n\t\t\t\t\t\t<\/div>\n\t\t\t\t<\/div>\n\t\t\t\t\t\t<\/div>\n\t\t\t\t\t<\/div>\n\t\t<\/div>\n\t\t\t\t\t\t\t\t<\/div>\n\t\t\t\t\t<\/div>\n\t\t<\/section>\n\t\t\t\t\t\t<\/div>\n\t\t\t\t\t\t<\/div>\n\t\t\t\t\t<\/div>\n\t\t","protected":false},"excerpt":{"rendered":"<p>\u00a0 Delikatny lotion przeznaczony do chirurgicznego i higienicznego mycia r\u0105k oraz og\u00f3lnego mycia cia\u0142a podczas k\u0105pieli i pod prysznicem. \u00a0 wysokiej jako\u015bci syntetyczne myd\u0142o w p\u0142ynie bardzo dobrze si\u0119 pieni i sp\u0142ukuje doskonale oczyszcza sk\u00f3r\u0119 z zanieczyszcze\u0144 i mikroorganizm\u00f3w ma przyjemny, delikatny zapach idealny do cz\u0119stego stosowania dla os\u00f3b o wra\u017cliwej sk\u00f3rze niezast\u0105piony przy piel\u0119gnacji&hellip;<\/p>\n","protected":false},"author":1,"featured_media":0,"parent":130,"menu_order":13,"comment_status":"closed","ping_status":"closed","template":"","meta":[],"yoast_head":"<!-- This site is optimized with the Yoast SEO plugin v17.6 - https:\/\/yoast.com\/wordpress\/plugins\/seo\/ -->\n<title>WASA SOFT -<\/title>\n<meta name=\"robots\" content=\"index, follow, max-snippet:-1, max-image-preview:large, max-video-preview:-1\" \/>\n<link rel=\"canonical\" href=\"https:\/\/pepsyna.eu\/index.php\/home-2\/srodki-do-mycia-i-dezynfekcji\/wasa-soft\/\" \/>\n<meta property=\"og:locale\" content=\"pl_PL\" \/>\n<meta property=\"og:type\" content=\"article\" \/>\n<meta property=\"og:title\" content=\"WASA SOFT -\" \/>\n<meta property=\"og:description\" content=\"\u00a0 Delikatny lotion przeznaczony do chirurgicznego i higienicznego mycia r\u0105k oraz og\u00f3lnego mycia cia\u0142a podczas k\u0105pieli i pod prysznicem. \u00a0 wysokiej jako\u015bci syntetyczne myd\u0142o w p\u0142ynie bardzo dobrze si\u0119 pieni i sp\u0142ukuje doskonale oczyszcza sk\u00f3r\u0119 z zanieczyszcze\u0144 i mikroorganizm\u00f3w ma przyjemny, delikatny zapach idealny do cz\u0119stego stosowania dla os\u00f3b o wra\u017cliwej sk\u00f3rze niezast\u0105piony przy piel\u0119gnacji&hellip;\" \/>\n<meta property=\"og:url\" content=\"https:\/\/pepsyna.eu\/index.php\/home-2\/srodki-do-mycia-i-dezynfekcji\/wasa-soft\/\" \/>\n<meta property=\"article:modified_time\" content=\"2021-03-25T23:13:31+00:00\" \/>\n<meta property=\"og:image\" content=\"https:\/\/pepsyna.eu\/wp-content\/uploads\/2021\/03\/wasa-soft-144x300.jpg\" \/>\n<meta name=\"twitter:card\" content=\"summary_large_image\" \/>\n<meta name=\"twitter:label1\" content=\"Szacowany czas czytania\" \/>\n\t<meta name=\"twitter:data1\" content=\"1 minuta\" \/>\n<script type=\"application\/ld+json\" class=\"yoast-schema-graph\">{\"@context\":\"https:\/\/schema.org\",\"@graph\":[{\"@type\":\"Organization\",\"@id\":\"https:\/\/pepsyna.eu\/#organization\",\"name\":\"EPI 2\",\"url\":\"https:\/\/pepsyna.eu\/\",\"sameAs\":[],\"logo\":{\"@type\":\"ImageObject\",\"@id\":\"https:\/\/pepsyna.eu\/#logo\",\"inLanguage\":\"pl-PL\",\"url\":\"https:\/\/pepsyna.eu\/wp-content\/uploads\/2021\/03\/cropped-LOGO-EPI2-1.jpg\",\"contentUrl\":\"https:\/\/pepsyna.eu\/wp-content\/uploads\/2021\/03\/cropped-LOGO-EPI2-1.jpg\",\"width\":403,\"height\":85,\"caption\":\"EPI 2\"},\"image\":{\"@id\":\"https:\/\/pepsyna.eu\/#logo\"}},{\"@type\":\"WebSite\",\"@id\":\"https:\/\/pepsyna.eu\/#website\",\"url\":\"https:\/\/pepsyna.eu\/\",\"name\":\"WYSPOSA\\u017bENIE LABORATORYJNE\",\"description\":\"\",\"publisher\":{\"@id\":\"https:\/\/pepsyna.eu\/#organization\"},\"potentialAction\":[{\"@type\":\"SearchAction\",\"target\":{\"@type\":\"EntryPoint\",\"urlTemplate\":\"https:\/\/pepsyna.eu\/?s={search_term_string}\"},\"query-input\":\"required name=search_term_string\"}],\"inLanguage\":\"pl-PL\"},{\"@type\":\"ImageObject\",\"@id\":\"https:\/\/pepsyna.eu\/index.php\/home-2\/srodki-do-mycia-i-dezynfekcji\/wasa-soft\/#primaryimage\",\"inLanguage\":\"pl-PL\",\"url\":\"https:\/\/pepsyna.eu\/wp-content\/uploads\/2021\/03\/wasa-soft.jpg\",\"contentUrl\":\"https:\/\/pepsyna.eu\/wp-content\/uploads\/2021\/03\/wasa-soft.jpg\",\"width\":771,\"height\":1611},{\"@type\":\"WebPage\",\"@id\":\"https:\/\/pepsyna.eu\/index.php\/home-2\/srodki-do-mycia-i-dezynfekcji\/wasa-soft\/#webpage\",\"url\":\"https:\/\/pepsyna.eu\/index.php\/home-2\/srodki-do-mycia-i-dezynfekcji\/wasa-soft\/\",\"name\":\"WASA SOFT -\",\"isPartOf\":{\"@id\":\"https:\/\/pepsyna.eu\/#website\"},\"primaryImageOfPage\":{\"@id\":\"https:\/\/pepsyna.eu\/index.php\/home-2\/srodki-do-mycia-i-dezynfekcji\/wasa-soft\/#primaryimage\"},\"datePublished\":\"2021-03-15T15:44:56+00:00\",\"dateModified\":\"2021-03-25T23:13:31+00:00\",\"breadcrumb\":{\"@id\":\"https:\/\/pepsyna.eu\/index.php\/home-2\/srodki-do-mycia-i-dezynfekcji\/wasa-soft\/#breadcrumb\"},\"inLanguage\":\"pl-PL\",\"potentialAction\":[{\"@type\":\"ReadAction\",\"target\":[\"https:\/\/pepsyna.eu\/index.php\/home-2\/srodki-do-mycia-i-dezynfekcji\/wasa-soft\/\"]}]},{\"@type\":\"BreadcrumbList\",\"@id\":\"https:\/\/pepsyna.eu\/index.php\/home-2\/srodki-do-mycia-i-dezynfekcji\/wasa-soft\/#breadcrumb\",\"itemListElement\":[{\"@type\":\"ListItem\",\"position\":1,\"name\":\"Strona g\\u0142\\u00f3wna\",\"item\":\"https:\/\/pepsyna.eu\/\"},{\"@type\":\"ListItem\",\"position\":2,\"name\":\"EPI 2 OFERTA\",\"item\":\"https:\/\/pepsyna.eu\/\"},{\"@type\":\"ListItem\",\"position\":3,\"name\":\"\\u015aRODKI DO MYCIA I DEZYNFEKCJI\",\"item\":\"https:\/\/pepsyna.eu\/index.php\/home-2\/srodki-do-mycia-i-dezynfekcji\/\"},{\"@type\":\"ListItem\",\"position\":4,\"name\":\"WASA SOFT\"}]}]}<\/script>\n<!-- \/ Yoast SEO plugin. -->","yoast_head_json":{"title":"WASA SOFT -","robots":{"index":"index","follow":"follow","max-snippet":"max-snippet:-1","max-image-preview":"max-image-preview:large","max-video-preview":"max-video-preview:-1"},"canonical":"https:\/\/pepsyna.eu\/index.php\/home-2\/srodki-do-mycia-i-dezynfekcji\/wasa-soft\/","og_locale":"pl_PL","og_type":"article","og_title":"WASA SOFT -","og_description":"\u00a0 Delikatny lotion przeznaczony do chirurgicznego i higienicznego mycia r\u0105k oraz og\u00f3lnego mycia cia\u0142a podczas k\u0105pieli i pod prysznicem. \u00a0 wysokiej jako\u015bci syntetyczne myd\u0142o w p\u0142ynie bardzo dobrze si\u0119 pieni i sp\u0142ukuje doskonale oczyszcza sk\u00f3r\u0119 z zanieczyszcze\u0144 i mikroorganizm\u00f3w ma przyjemny, delikatny zapach idealny do cz\u0119stego stosowania dla os\u00f3b o wra\u017cliwej sk\u00f3rze niezast\u0105piony przy piel\u0119gnacji&hellip;","og_url":"https:\/\/pepsyna.eu\/index.php\/home-2\/srodki-do-mycia-i-dezynfekcji\/wasa-soft\/","article_modified_time":"2021-03-25T23:13:31+00:00","og_image":[{"url":"https:\/\/pepsyna.eu\/wp-content\/uploads\/2021\/03\/wasa-soft-144x300.jpg"}],"twitter_card":"summary_large_image","twitter_misc":{"Szacowany czas czytania":"1 minuta"},"schema":{"@context":"https:\/\/schema.org","@graph":[{"@type":"Organization","@id":"https:\/\/pepsyna.eu\/#organization","name":"EPI 2","url":"https:\/\/pepsyna.eu\/","sameAs":[],"logo":{"@type":"ImageObject","@id":"https:\/\/pepsyna.eu\/#logo","inLanguage":"pl-PL","url":"https:\/\/pepsyna.eu\/wp-content\/uploads\/2021\/03\/cropped-LOGO-EPI2-1.jpg","contentUrl":"https:\/\/pepsyna.eu\/wp-content\/uploads\/2021\/03\/cropped-LOGO-EPI2-1.jpg","width":403,"height":85,"caption":"EPI 2"},"image":{"@id":"https:\/\/pepsyna.eu\/#logo"}},{"@type":"WebSite","@id":"https:\/\/pepsyna.eu\/#website","url":"https:\/\/pepsyna.eu\/","name":"WYSPOSA\u017bENIE LABORATORYJNE","description":"","publisher":{"@id":"https:\/\/pepsyna.eu\/#organization"},"potentialAction":[{"@type":"SearchAction","target":{"@type":"EntryPoint","urlTemplate":"https:\/\/pepsyna.eu\/?s={search_term_string}"},"query-input":"required name=search_term_string"}],"inLanguage":"pl-PL"},{"@type":"ImageObject","@id":"https:\/\/pepsyna.eu\/index.php\/home-2\/srodki-do-mycia-i-dezynfekcji\/wasa-soft\/#primaryimage","inLanguage":"pl-PL","url":"https:\/\/pepsyna.eu\/wp-content\/uploads\/2021\/03\/wasa-soft.jpg","contentUrl":"https:\/\/pepsyna.eu\/wp-content\/uploads\/2021\/03\/wasa-soft.jpg","width":771,"height":1611},{"@type":"WebPage","@id":"https:\/\/pepsyna.eu\/index.php\/home-2\/srodki-do-mycia-i-dezynfekcji\/wasa-soft\/#webpage","url":"https:\/\/pepsyna.eu\/index.php\/home-2\/srodki-do-mycia-i-dezynfekcji\/wasa-soft\/","name":"WASA SOFT -","isPartOf":{"@id":"https:\/\/pepsyna.eu\/#website"},"primaryImageOfPage":{"@id":"https:\/\/pepsyna.eu\/index.php\/home-2\/srodki-do-mycia-i-dezynfekcji\/wasa-soft\/#primaryimage"},"datePublished":"2021-03-15T15:44:56+00:00","dateModified":"2021-03-25T23:13:31+00:00","breadcrumb":{"@id":"https:\/\/pepsyna.eu\/index.php\/home-2\/srodki-do-mycia-i-dezynfekcji\/wasa-soft\/#breadcrumb"},"inLanguage":"pl-PL","potentialAction":[{"@type":"ReadAction","target":["https:\/\/pepsyna.eu\/index.php\/home-2\/srodki-do-mycia-i-dezynfekcji\/wasa-soft\/"]}]},{"@type":"BreadcrumbList","@id":"https:\/\/pepsyna.eu\/index.php\/home-2\/srodki-do-mycia-i-dezynfekcji\/wasa-soft\/#breadcrumb","itemListElement":[{"@type":"ListItem","position":1,"name":"Strona g\u0142\u00f3wna","item":"https:\/\/pepsyna.eu\/"},{"@type":"ListItem","position":2,"name":"EPI 2 OFERTA","item":"https:\/\/pepsyna.eu\/"},{"@type":"ListItem","position":3,"name":"\u015aRODKI DO MYCIA I DEZYNFEKCJI","item":"https:\/\/pepsyna.eu\/index.php\/home-2\/srodki-do-mycia-i-dezynfekcji\/"},{"@type":"ListItem","position":4,"name":"WASA SOFT"}]}]}},"_links":{"self":[{"href":"https:\/\/pepsyna.eu\/index.php\/wp-json\/wp\/v2\/pages\/156"}],"collection":[{"href":"https:\/\/pepsyna.eu\/index.php\/wp-json\/wp\/v2\/pages"}],"about":[{"href":"https:\/\/pepsyna.eu\/index.php\/wp-json\/wp\/v2\/types\/page"}],"author":[{"embeddable":true,"href":"https:\/\/pepsyna.eu\/index.php\/wp-json\/wp\/v2\/users\/1"}],"replies":[{"embeddable":true,"href":"https:\/\/pepsyna.eu\/index.php\/wp-json\/wp\/v2\/comments?post=156"}],"version-history":[{"count":4,"href":"https:\/\/pepsyna.eu\/index.php\/wp-json\/wp\/v2\/pages\/156\/revisions"}],"predecessor-version":[{"id":778,"href":"https:\/\/pepsyna.eu\/index.php\/wp-json\/wp\/v2\/pages\/156\/revisions\/778"}],"up":[{"embeddable":true,"href":"https:\/\/pepsyna.eu\/index.php\/wp-json\/wp\/v2\/pages\/130"}],"wp:attachment":[{"href":"https:\/\/pepsyna.eu\/index.php\/wp-json\/wp\/v2\/media?parent=156"}],"curies":[{"name":"wp","href":"https:\/\/api.w.org\/{rel}","templated":true}]}}