{"id":152,"date":"2021-03-15T15:41:52","date_gmt":"2021-03-15T15:41:52","guid":{"rendered":"http:\/\/pepsyna.eu\/?page_id=152"},"modified":"2021-03-25T21:55:12","modified_gmt":"2021-03-25T21:55:12","slug":"chusteczki-do-dezynfekcji","status":"publish","type":"page","link":"https:\/\/pepsyna.eu\/index.php\/home-2\/srodki-do-mycia-i-dezynfekcji\/chusteczki-do-dezynfekcji\/","title":{"rendered":"CHUSTECZKI DO DEZYNFEKCJI"},"content":{"rendered":"\t\t<div data-elementor-type=\"wp-page\" data-elementor-id=\"152\" class=\"elementor elementor-152\" data-elementor-settings=\"[]\">\n\t\t\t\t\t\t<div class=\"elementor-inner\">\n\t\t\t\t\t\t\t<div class=\"elementor-section-wrap\">\n\t\t\t\t\t\t\t<section class=\"elementor-section elementor-top-section elementor-element elementor-element-161d404b elementor-section-boxed elementor-section-height-default elementor-section-height-default\" data-id=\"161d404b\" data-element_type=\"section\">\n\t\t\t\t\t\t<div class=\"elementor-container elementor-column-gap-default\">\n\t\t\t\t\t\t\t<div class=\"elementor-row\">\n\t\t\t\t\t<div class=\"elementor-column elementor-col-100 elementor-top-column elementor-element elementor-element-171edb21\" data-id=\"171edb21\" data-element_type=\"column\">\n\t\t\t<div class=\"elementor-column-wrap elementor-element-populated\">\n\t\t\t\t\t\t\t<div class=\"elementor-widget-wrap\">\n\t\t\t\t\t\t<div class=\"elementor-element elementor-element-73bea8eb elementor-widget elementor-widget-text-editor\" data-id=\"73bea8eb\" data-element_type=\"widget\" data-widget_type=\"text-editor.default\">\n\t\t\t\t<div class=\"elementor-widget-container\">\n\t\t\t\t\t\t\t\t<div class=\"elementor-text-editor elementor-clearfix\">\n\t\t\t\t<!-- wp:paragraph -->\n<p><img loading=\"lazy\" class=\"size-medium wp-image-759 aligncenter\" src=\"https:\/\/pepsyna.eu\/wp-content\/uploads\/2021\/03\/chusteczki-143x300.jpg\" alt=\"\" width=\"143\" height=\"300\" srcset=\"https:\/\/pepsyna.eu\/wp-content\/uploads\/2021\/03\/chusteczki-143x300.jpg 143w, https:\/\/pepsyna.eu\/wp-content\/uploads\/2021\/03\/chusteczki-486x1024.jpg 486w, https:\/\/pepsyna.eu\/wp-content\/uploads\/2021\/03\/chusteczki.jpg 513w\" sizes=\"(max-width: 143px) 100vw, 143px\" \/><\/p>\n<p>\u00a0<\/p>\n<ul>\n<li>R\u00f3\u017cne rodzaje chusteczek dezynfekuj\u0105cych\u00a0<\/li>\n<\/ul>\n<!-- \/wp:paragraph -->\t\t\t\t\t<\/div>\n\t\t\t\t\t\t<\/div>\n\t\t\t\t<\/div>\n\t\t\t\t\t\t<\/div>\n\t\t\t\t\t<\/div>\n\t\t<\/div>\n\t\t\t\t\t\t\t\t<\/div>\n\t\t\t\t\t<\/div>\n\t\t<\/section>\n\t\t\t\t\t\t<\/div>\n\t\t\t\t\t\t<\/div>\n\t\t\t\t\t<\/div>\n\t\t","protected":false},"excerpt":{"rendered":"<p>\u00a0 R\u00f3\u017cne rodzaje chusteczek dezynfekuj\u0105cych\u00a0<\/p>\n","protected":false},"author":1,"featured_media":0,"parent":130,"menu_order":11,"comment_status":"closed","ping_status":"closed","template":"","meta":[],"yoast_head":"<!-- This site is optimized with the Yoast SEO plugin v17.6 - https:\/\/yoast.com\/wordpress\/plugins\/seo\/ -->\n<title>CHUSTECZKI DO DEZYNFEKCJI -<\/title>\n<meta name=\"robots\" content=\"index, follow, max-snippet:-1, max-image-preview:large, max-video-preview:-1\" \/>\n<link rel=\"canonical\" href=\"https:\/\/pepsyna.eu\/index.php\/home-2\/srodki-do-mycia-i-dezynfekcji\/chusteczki-do-dezynfekcji\/\" \/>\n<meta property=\"og:locale\" content=\"pl_PL\" \/>\n<meta property=\"og:type\" content=\"article\" \/>\n<meta property=\"og:title\" content=\"CHUSTECZKI DO DEZYNFEKCJI -\" \/>\n<meta property=\"og:description\" content=\"\u00a0 R\u00f3\u017cne rodzaje chusteczek dezynfekuj\u0105cych\u00a0\" \/>\n<meta property=\"og:url\" content=\"https:\/\/pepsyna.eu\/index.php\/home-2\/srodki-do-mycia-i-dezynfekcji\/chusteczki-do-dezynfekcji\/\" \/>\n<meta property=\"article:modified_time\" content=\"2021-03-25T21:55:12+00:00\" \/>\n<meta property=\"og:image\" content=\"https:\/\/pepsyna.eu\/wp-content\/uploads\/2021\/03\/chusteczki-143x300.jpg\" \/>\n<meta name=\"twitter:card\" content=\"summary_large_image\" \/>\n<meta name=\"twitter:label1\" content=\"Szacowany czas czytania\" \/>\n\t<meta name=\"twitter:data1\" content=\"1 minuta\" \/>\n<script type=\"application\/ld+json\" class=\"yoast-schema-graph\">{\"@context\":\"https:\/\/schema.org\",\"@graph\":[{\"@type\":\"Organization\",\"@id\":\"https:\/\/pepsyna.eu\/#organization\",\"name\":\"EPI 2\",\"url\":\"https:\/\/pepsyna.eu\/\",\"sameAs\":[],\"logo\":{\"@type\":\"ImageObject\",\"@id\":\"https:\/\/pepsyna.eu\/#logo\",\"inLanguage\":\"pl-PL\",\"url\":\"https:\/\/pepsyna.eu\/wp-content\/uploads\/2021\/03\/cropped-LOGO-EPI2-1.jpg\",\"contentUrl\":\"https:\/\/pepsyna.eu\/wp-content\/uploads\/2021\/03\/cropped-LOGO-EPI2-1.jpg\",\"width\":403,\"height\":85,\"caption\":\"EPI 2\"},\"image\":{\"@id\":\"https:\/\/pepsyna.eu\/#logo\"}},{\"@type\":\"WebSite\",\"@id\":\"https:\/\/pepsyna.eu\/#website\",\"url\":\"https:\/\/pepsyna.eu\/\",\"name\":\"WYSPOSA\\u017bENIE LABORATORYJNE\",\"description\":\"\",\"publisher\":{\"@id\":\"https:\/\/pepsyna.eu\/#organization\"},\"potentialAction\":[{\"@type\":\"SearchAction\",\"target\":{\"@type\":\"EntryPoint\",\"urlTemplate\":\"https:\/\/pepsyna.eu\/?s={search_term_string}\"},\"query-input\":\"required name=search_term_string\"}],\"inLanguage\":\"pl-PL\"},{\"@type\":\"ImageObject\",\"@id\":\"https:\/\/pepsyna.eu\/index.php\/home-2\/srodki-do-mycia-i-dezynfekcji\/chusteczki-do-dezynfekcji\/#primaryimage\",\"inLanguage\":\"pl-PL\",\"url\":\"https:\/\/pepsyna.eu\/wp-content\/uploads\/2021\/03\/chusteczki.jpg\",\"contentUrl\":\"https:\/\/pepsyna.eu\/wp-content\/uploads\/2021\/03\/chusteczki.jpg\",\"width\":513,\"height\":1080},{\"@type\":\"WebPage\",\"@id\":\"https:\/\/pepsyna.eu\/index.php\/home-2\/srodki-do-mycia-i-dezynfekcji\/chusteczki-do-dezynfekcji\/#webpage\",\"url\":\"https:\/\/pepsyna.eu\/index.php\/home-2\/srodki-do-mycia-i-dezynfekcji\/chusteczki-do-dezynfekcji\/\",\"name\":\"CHUSTECZKI DO DEZYNFEKCJI -\",\"isPartOf\":{\"@id\":\"https:\/\/pepsyna.eu\/#website\"},\"primaryImageOfPage\":{\"@id\":\"https:\/\/pepsyna.eu\/index.php\/home-2\/srodki-do-mycia-i-dezynfekcji\/chusteczki-do-dezynfekcji\/#primaryimage\"},\"datePublished\":\"2021-03-15T15:41:52+00:00\",\"dateModified\":\"2021-03-25T21:55:12+00:00\",\"breadcrumb\":{\"@id\":\"https:\/\/pepsyna.eu\/index.php\/home-2\/srodki-do-mycia-i-dezynfekcji\/chusteczki-do-dezynfekcji\/#breadcrumb\"},\"inLanguage\":\"pl-PL\",\"potentialAction\":[{\"@type\":\"ReadAction\",\"target\":[\"https:\/\/pepsyna.eu\/index.php\/home-2\/srodki-do-mycia-i-dezynfekcji\/chusteczki-do-dezynfekcji\/\"]}]},{\"@type\":\"BreadcrumbList\",\"@id\":\"https:\/\/pepsyna.eu\/index.php\/home-2\/srodki-do-mycia-i-dezynfekcji\/chusteczki-do-dezynfekcji\/#breadcrumb\",\"itemListElement\":[{\"@type\":\"ListItem\",\"position\":1,\"name\":\"Strona g\\u0142\\u00f3wna\",\"item\":\"https:\/\/pepsyna.eu\/\"},{\"@type\":\"ListItem\",\"position\":2,\"name\":\"EPI 2 OFERTA\",\"item\":\"https:\/\/pepsyna.eu\/\"},{\"@type\":\"ListItem\",\"position\":3,\"name\":\"\\u015aRODKI DO MYCIA I DEZYNFEKCJI\",\"item\":\"https:\/\/pepsyna.eu\/index.php\/home-2\/srodki-do-mycia-i-dezynfekcji\/\"},{\"@type\":\"ListItem\",\"position\":4,\"name\":\"CHUSTECZKI DO DEZYNFEKCJI\"}]}]}<\/script>\n<!-- \/ Yoast SEO plugin. -->","yoast_head_json":{"title":"CHUSTECZKI DO DEZYNFEKCJI -","robots":{"index":"index","follow":"follow","max-snippet":"max-snippet:-1","max-image-preview":"max-image-preview:large","max-video-preview":"max-video-preview:-1"},"canonical":"https:\/\/pepsyna.eu\/index.php\/home-2\/srodki-do-mycia-i-dezynfekcji\/chusteczki-do-dezynfekcji\/","og_locale":"pl_PL","og_type":"article","og_title":"CHUSTECZKI DO DEZYNFEKCJI -","og_description":"\u00a0 R\u00f3\u017cne rodzaje chusteczek dezynfekuj\u0105cych\u00a0","og_url":"https:\/\/pepsyna.eu\/index.php\/home-2\/srodki-do-mycia-i-dezynfekcji\/chusteczki-do-dezynfekcji\/","article_modified_time":"2021-03-25T21:55:12+00:00","og_image":[{"url":"https:\/\/pepsyna.eu\/wp-content\/uploads\/2021\/03\/chusteczki-143x300.jpg"}],"twitter_card":"summary_large_image","twitter_misc":{"Szacowany czas czytania":"1 minuta"},"schema":{"@context":"https:\/\/schema.org","@graph":[{"@type":"Organization","@id":"https:\/\/pepsyna.eu\/#organization","name":"EPI 2","url":"https:\/\/pepsyna.eu\/","sameAs":[],"logo":{"@type":"ImageObject","@id":"https:\/\/pepsyna.eu\/#logo","inLanguage":"pl-PL","url":"https:\/\/pepsyna.eu\/wp-content\/uploads\/2021\/03\/cropped-LOGO-EPI2-1.jpg","contentUrl":"https:\/\/pepsyna.eu\/wp-content\/uploads\/2021\/03\/cropped-LOGO-EPI2-1.jpg","width":403,"height":85,"caption":"EPI 2"},"image":{"@id":"https:\/\/pepsyna.eu\/#logo"}},{"@type":"WebSite","@id":"https:\/\/pepsyna.eu\/#website","url":"https:\/\/pepsyna.eu\/","name":"WYSPOSA\u017bENIE LABORATORYJNE","description":"","publisher":{"@id":"https:\/\/pepsyna.eu\/#organization"},"potentialAction":[{"@type":"SearchAction","target":{"@type":"EntryPoint","urlTemplate":"https:\/\/pepsyna.eu\/?s={search_term_string}"},"query-input":"required name=search_term_string"}],"inLanguage":"pl-PL"},{"@type":"ImageObject","@id":"https:\/\/pepsyna.eu\/index.php\/home-2\/srodki-do-mycia-i-dezynfekcji\/chusteczki-do-dezynfekcji\/#primaryimage","inLanguage":"pl-PL","url":"https:\/\/pepsyna.eu\/wp-content\/uploads\/2021\/03\/chusteczki.jpg","contentUrl":"https:\/\/pepsyna.eu\/wp-content\/uploads\/2021\/03\/chusteczki.jpg","width":513,"height":1080},{"@type":"WebPage","@id":"https:\/\/pepsyna.eu\/index.php\/home-2\/srodki-do-mycia-i-dezynfekcji\/chusteczki-do-dezynfekcji\/#webpage","url":"https:\/\/pepsyna.eu\/index.php\/home-2\/srodki-do-mycia-i-dezynfekcji\/chusteczki-do-dezynfekcji\/","name":"CHUSTECZKI DO DEZYNFEKCJI -","isPartOf":{"@id":"https:\/\/pepsyna.eu\/#website"},"primaryImageOfPage":{"@id":"https:\/\/pepsyna.eu\/index.php\/home-2\/srodki-do-mycia-i-dezynfekcji\/chusteczki-do-dezynfekcji\/#primaryimage"},"datePublished":"2021-03-15T15:41:52+00:00","dateModified":"2021-03-25T21:55:12+00:00","breadcrumb":{"@id":"https:\/\/pepsyna.eu\/index.php\/home-2\/srodki-do-mycia-i-dezynfekcji\/chusteczki-do-dezynfekcji\/#breadcrumb"},"inLanguage":"pl-PL","potentialAction":[{"@type":"ReadAction","target":["https:\/\/pepsyna.eu\/index.php\/home-2\/srodki-do-mycia-i-dezynfekcji\/chusteczki-do-dezynfekcji\/"]}]},{"@type":"BreadcrumbList","@id":"https:\/\/pepsyna.eu\/index.php\/home-2\/srodki-do-mycia-i-dezynfekcji\/chusteczki-do-dezynfekcji\/#breadcrumb","itemListElement":[{"@type":"ListItem","position":1,"name":"Strona g\u0142\u00f3wna","item":"https:\/\/pepsyna.eu\/"},{"@type":"ListItem","position":2,"name":"EPI 2 OFERTA","item":"https:\/\/pepsyna.eu\/"},{"@type":"ListItem","position":3,"name":"\u015aRODKI DO MYCIA I DEZYNFEKCJI","item":"https:\/\/pepsyna.eu\/index.php\/home-2\/srodki-do-mycia-i-dezynfekcji\/"},{"@type":"ListItem","position":4,"name":"CHUSTECZKI DO DEZYNFEKCJI"}]}]}},"_links":{"self":[{"href":"https:\/\/pepsyna.eu\/index.php\/wp-json\/wp\/v2\/pages\/152"}],"collection":[{"href":"https:\/\/pepsyna.eu\/index.php\/wp-json\/wp\/v2\/pages"}],"about":[{"href":"https:\/\/pepsyna.eu\/index.php\/wp-json\/wp\/v2\/types\/page"}],"author":[{"embeddable":true,"href":"https:\/\/pepsyna.eu\/index.php\/wp-json\/wp\/v2\/users\/1"}],"replies":[{"embeddable":true,"href":"https:\/\/pepsyna.eu\/index.php\/wp-json\/wp\/v2\/comments?post=152"}],"version-history":[{"count":4,"href":"https:\/\/pepsyna.eu\/index.php\/wp-json\/wp\/v2\/pages\/152\/revisions"}],"predecessor-version":[{"id":762,"href":"https:\/\/pepsyna.eu\/index.php\/wp-json\/wp\/v2\/pages\/152\/revisions\/762"}],"up":[{"embeddable":true,"href":"https:\/\/pepsyna.eu\/index.php\/wp-json\/wp\/v2\/pages\/130"}],"wp:attachment":[{"href":"https:\/\/pepsyna.eu\/index.php\/wp-json\/wp\/v2\/media?parent=152"}],"curies":[{"name":"wp","href":"https:\/\/api.w.org\/{rel}","templated":true}]}}