{"id":122,"date":"2021-03-15T15:19:51","date_gmt":"2021-03-15T15:19:51","guid":{"rendered":"http:\/\/pepsyna.eu\/?page_id=122"},"modified":"2021-03-18T21:23:28","modified_gmt":"2021-03-18T21:23:28","slug":"kwas-solny","status":"publish","type":"page","link":"https:\/\/pepsyna.eu\/index.php\/home-2\/odczynniki-chemiczne-oraz-srodki-do-mycia-i-dezynfekcji-znakowanie-miesa\/odczynniki-laboratoryjne\/kwas-solny\/","title":{"rendered":"KWAS SOLNY"},"content":{"rendered":"\t\t<div data-elementor-type=\"wp-page\" data-elementor-id=\"122\" class=\"elementor elementor-122\" data-elementor-settings=\"[]\">\n\t\t\t\t\t\t<div class=\"elementor-inner\">\n\t\t\t\t\t\t\t<div class=\"elementor-section-wrap\">\n\t\t\t\t\t\t\t<section class=\"elementor-section elementor-top-section elementor-element elementor-element-465f757a elementor-section-boxed elementor-section-height-default elementor-section-height-default\" data-id=\"465f757a\" data-element_type=\"section\">\n\t\t\t\t\t\t<div class=\"elementor-container elementor-column-gap-default\">\n\t\t\t\t\t\t\t<div class=\"elementor-row\">\n\t\t\t\t\t<div class=\"elementor-column elementor-col-100 elementor-top-column elementor-element elementor-element-6941fb55\" data-id=\"6941fb55\" data-element_type=\"column\">\n\t\t\t<div class=\"elementor-column-wrap elementor-element-populated\">\n\t\t\t\t\t\t\t<div class=\"elementor-widget-wrap\">\n\t\t\t\t\t\t<div class=\"elementor-element elementor-element-2ab53ef4 elementor-widget elementor-widget-text-editor\" data-id=\"2ab53ef4\" data-element_type=\"widget\" data-widget_type=\"text-editor.default\">\n\t\t\t\t<div class=\"elementor-widget-container\">\n\t\t\t\t\t\t\t\t<div class=\"elementor-text-editor elementor-clearfix\">\n\t\t\t\t<p><!-- wp:paragraph --><\/p>\n<p>\u00a0 \u00a0 \u00a0 \u00a0 <a href=\"https:\/\/pepsyna.eu\/index.php\/home-2\/odczynniki-chemiczne-oraz-srodki-do-mycia-i-dezynfekcji-znakowanie-miesa\/odczynniki-laboratoryjne\/kwas-solny\/\"><img loading=\"lazy\" class=\"alignnone wp-image-631 size-medium\" src=\"https:\/\/pepsyna.eu\/wp-content\/uploads\/2021\/03\/kwas-solny-1-194x300.jpg\" alt=\"\" width=\"194\" height=\"300\" srcset=\"https:\/\/pepsyna.eu\/wp-content\/uploads\/2021\/03\/kwas-solny-1-194x300.jpg 194w, https:\/\/pepsyna.eu\/wp-content\/uploads\/2021\/03\/kwas-solny-1.jpg 333w\" sizes=\"(max-width: 194px) 100vw, 194px\" \/><\/a><\/p>\n<ul>\n<li>KWAS SOLNY 25% CZDA DLA WETERYNARII<\/li>\n<li>OPAKOWANIA<\/li>\n<\/ul>\n<p>\u00a0 \u00a0 1 l, 2,5 l,3 l, 5 l, 10 l, 20 l, 30 l, 60 l<br \/>\u00a0 \u00a0 8ml x 10 ampu\u0142ek<br \/>\u00a0 \u00a0 16ml x 10 ampu\u0142ek<\/p>\n<p>\u00a0<\/p>\n<table class=\"table_param\">\n<tbody>\n<tr>\n<th>&#8211; W\u0142asno\u015bci fizyczne i chemiczne<\/th>\n<\/tr>\n<tr>\n<td>&#8211; Wygl\u0105d:<br \/>\u00a0 \u00a0stan fizyczny: ciecz<br \/>\u00a0 \u00a0kolor: bezbarwna<br \/>\u00a0 \u00a0Zapach: ostry, dra\u017cni\u0105cy<br \/>\u00a0 \u00a0G\u0119sto\u015b\u0107 wzgl\u0119dna: 1,1239 g\/cm3<br \/>\u00a0 \u00a0Rozpuszczalno\u015b\u0107 w wodzie: nieograniczona<br \/>\u00a0 \u00a0pH: &lt; 1<br \/>\u00a0 \u00a0Temperatura zap\u0142onu: tygla zamkni\u0119tego: brak<br \/>\u00a0 \u00a0W\u0142a\u015bciwo\u015bci wybuchowe: nie wykazuje<br \/>\u00a0 \u00a0W\u0142a\u015bciwo\u015bci utleniaj\u0105ce: nie wykazuje<\/td>\n<\/tr>\n<\/tbody>\n<\/table>\n<p><!-- \/wp:paragraph --><\/p>\t\t\t\t\t<\/div>\n\t\t\t\t\t\t<\/div>\n\t\t\t\t<\/div>\n\t\t\t\t\t\t<\/div>\n\t\t\t\t\t<\/div>\n\t\t<\/div>\n\t\t\t\t\t\t\t\t<\/div>\n\t\t\t\t\t<\/div>\n\t\t<\/section>\n\t\t\t\t\t\t<\/div>\n\t\t\t\t\t\t<\/div>\n\t\t\t\t\t<\/div>\n\t\t","protected":false},"excerpt":{"rendered":"<p>\u00a0 \u00a0 \u00a0 \u00a0 KWAS SOLNY 25% CZDA DLA WETERYNARII OPAKOWANIA \u00a0 \u00a0 1 l, 2,5 l,3 l, 5 l, 10 l, 20 l, 30 l, 60 l\u00a0 \u00a0 8ml x 10 ampu\u0142ek\u00a0 \u00a0 16ml x 10 ampu\u0142ek \u00a0 &#8211; W\u0142asno\u015bci fizyczne i chemiczne &#8211; Wygl\u0105d:\u00a0 \u00a0stan fizyczny: ciecz\u00a0 \u00a0kolor: bezbarwna\u00a0 \u00a0Zapach: ostry, dra\u017cni\u0105cy\u00a0 \u00a0G\u0119sto\u015b\u0107&hellip;<\/p>\n","protected":false},"author":1,"featured_media":0,"parent":116,"menu_order":3,"comment_status":"closed","ping_status":"closed","template":"","meta":[],"yoast_head":"<!-- This site is optimized with the Yoast SEO plugin v17.6 - https:\/\/yoast.com\/wordpress\/plugins\/seo\/ -->\n<title>KWAS SOLNY -<\/title>\n<meta name=\"robots\" content=\"index, follow, max-snippet:-1, max-image-preview:large, max-video-preview:-1\" \/>\n<link rel=\"canonical\" href=\"https:\/\/pepsyna.eu\/index.php\/home-2\/odczynniki-chemiczne-oraz-srodki-do-mycia-i-dezynfekcji-znakowanie-miesa\/odczynniki-laboratoryjne\/kwas-solny\/\" \/>\n<meta property=\"og:locale\" content=\"pl_PL\" \/>\n<meta property=\"og:type\" content=\"article\" \/>\n<meta property=\"og:title\" content=\"KWAS SOLNY -\" \/>\n<meta property=\"og:description\" content=\"\u00a0 \u00a0 \u00a0 \u00a0 KWAS SOLNY 25% CZDA DLA WETERYNARII OPAKOWANIA \u00a0 \u00a0 1 l, 2,5 l,3 l, 5 l, 10 l, 20 l, 30 l, 60 l\u00a0 \u00a0 8ml x 10 ampu\u0142ek\u00a0 \u00a0 16ml x 10 ampu\u0142ek \u00a0 &#8211; W\u0142asno\u015bci fizyczne i chemiczne &#8211; Wygl\u0105d:\u00a0 \u00a0stan fizyczny: ciecz\u00a0 \u00a0kolor: bezbarwna\u00a0 \u00a0Zapach: ostry, dra\u017cni\u0105cy\u00a0 \u00a0G\u0119sto\u015b\u0107&hellip;\" \/>\n<meta property=\"og:url\" content=\"https:\/\/pepsyna.eu\/index.php\/home-2\/odczynniki-chemiczne-oraz-srodki-do-mycia-i-dezynfekcji-znakowanie-miesa\/odczynniki-laboratoryjne\/kwas-solny\/\" \/>\n<meta property=\"article:modified_time\" content=\"2021-03-18T21:23:28+00:00\" \/>\n<meta property=\"og:image\" content=\"https:\/\/pepsyna.eu\/wp-content\/uploads\/2021\/03\/kwas-solny-1-194x300.jpg\" \/>\n<meta name=\"twitter:card\" content=\"summary_large_image\" \/>\n<meta name=\"twitter:label1\" content=\"Szacowany czas czytania\" \/>\n\t<meta name=\"twitter:data1\" content=\"1 minuta\" \/>\n<script type=\"application\/ld+json\" class=\"yoast-schema-graph\">{\"@context\":\"https:\/\/schema.org\",\"@graph\":[{\"@type\":\"Organization\",\"@id\":\"https:\/\/pepsyna.eu\/#organization\",\"name\":\"EPI 2\",\"url\":\"https:\/\/pepsyna.eu\/\",\"sameAs\":[],\"logo\":{\"@type\":\"ImageObject\",\"@id\":\"https:\/\/pepsyna.eu\/#logo\",\"inLanguage\":\"pl-PL\",\"url\":\"https:\/\/pepsyna.eu\/wp-content\/uploads\/2021\/03\/cropped-LOGO-EPI2-1.jpg\",\"contentUrl\":\"https:\/\/pepsyna.eu\/wp-content\/uploads\/2021\/03\/cropped-LOGO-EPI2-1.jpg\",\"width\":403,\"height\":85,\"caption\":\"EPI 2\"},\"image\":{\"@id\":\"https:\/\/pepsyna.eu\/#logo\"}},{\"@type\":\"WebSite\",\"@id\":\"https:\/\/pepsyna.eu\/#website\",\"url\":\"https:\/\/pepsyna.eu\/\",\"name\":\"WYSPOSA\\u017bENIE LABORATORYJNE\",\"description\":\"\",\"publisher\":{\"@id\":\"https:\/\/pepsyna.eu\/#organization\"},\"potentialAction\":[{\"@type\":\"SearchAction\",\"target\":{\"@type\":\"EntryPoint\",\"urlTemplate\":\"https:\/\/pepsyna.eu\/?s={search_term_string}\"},\"query-input\":\"required name=search_term_string\"}],\"inLanguage\":\"pl-PL\"},{\"@type\":\"ImageObject\",\"@id\":\"https:\/\/pepsyna.eu\/index.php\/home-2\/odczynniki-chemiczne-oraz-srodki-do-mycia-i-dezynfekcji-znakowanie-miesa\/odczynniki-laboratoryjne\/kwas-solny\/#primaryimage\",\"inLanguage\":\"pl-PL\",\"url\":\"https:\/\/pepsyna.eu\/wp-content\/uploads\/2021\/03\/kwas-solny-1.jpg\",\"contentUrl\":\"https:\/\/pepsyna.eu\/wp-content\/uploads\/2021\/03\/kwas-solny-1.jpg\",\"width\":333,\"height\":515},{\"@type\":\"WebPage\",\"@id\":\"https:\/\/pepsyna.eu\/index.php\/home-2\/odczynniki-chemiczne-oraz-srodki-do-mycia-i-dezynfekcji-znakowanie-miesa\/odczynniki-laboratoryjne\/kwas-solny\/#webpage\",\"url\":\"https:\/\/pepsyna.eu\/index.php\/home-2\/odczynniki-chemiczne-oraz-srodki-do-mycia-i-dezynfekcji-znakowanie-miesa\/odczynniki-laboratoryjne\/kwas-solny\/\",\"name\":\"KWAS SOLNY -\",\"isPartOf\":{\"@id\":\"https:\/\/pepsyna.eu\/#website\"},\"primaryImageOfPage\":{\"@id\":\"https:\/\/pepsyna.eu\/index.php\/home-2\/odczynniki-chemiczne-oraz-srodki-do-mycia-i-dezynfekcji-znakowanie-miesa\/odczynniki-laboratoryjne\/kwas-solny\/#primaryimage\"},\"datePublished\":\"2021-03-15T15:19:51+00:00\",\"dateModified\":\"2021-03-18T21:23:28+00:00\",\"breadcrumb\":{\"@id\":\"https:\/\/pepsyna.eu\/index.php\/home-2\/odczynniki-chemiczne-oraz-srodki-do-mycia-i-dezynfekcji-znakowanie-miesa\/odczynniki-laboratoryjne\/kwas-solny\/#breadcrumb\"},\"inLanguage\":\"pl-PL\",\"potentialAction\":[{\"@type\":\"ReadAction\",\"target\":[\"https:\/\/pepsyna.eu\/index.php\/home-2\/odczynniki-chemiczne-oraz-srodki-do-mycia-i-dezynfekcji-znakowanie-miesa\/odczynniki-laboratoryjne\/kwas-solny\/\"]}]},{\"@type\":\"BreadcrumbList\",\"@id\":\"https:\/\/pepsyna.eu\/index.php\/home-2\/odczynniki-chemiczne-oraz-srodki-do-mycia-i-dezynfekcji-znakowanie-miesa\/odczynniki-laboratoryjne\/kwas-solny\/#breadcrumb\",\"itemListElement\":[{\"@type\":\"ListItem\",\"position\":1,\"name\":\"Strona g\\u0142\\u00f3wna\",\"item\":\"https:\/\/pepsyna.eu\/\"},{\"@type\":\"ListItem\",\"position\":2,\"name\":\"EPI 2 OFERTA\",\"item\":\"https:\/\/pepsyna.eu\/\"},{\"@type\":\"ListItem\",\"position\":3,\"name\":\"ODCZYNNIKI CHEMICZNE ORAZ \\u015aRODKI DO MYCIA I DEZYNFEKCJI\",\"item\":\"https:\/\/pepsyna.eu\/index.php\/home-2\/odczynniki-chemiczne-oraz-srodki-do-mycia-i-dezynfekcji-znakowanie-miesa\/\"},{\"@type\":\"ListItem\",\"position\":4,\"name\":\"Odczynniki laboratoryjne\",\"item\":\"https:\/\/pepsyna.eu\/index.php\/home-2\/odczynniki-chemiczne-oraz-srodki-do-mycia-i-dezynfekcji-znakowanie-miesa\/odczynniki-laboratoryjne\/\"},{\"@type\":\"ListItem\",\"position\":5,\"name\":\"KWAS SOLNY\"}]}]}<\/script>\n<!-- \/ Yoast SEO plugin. -->","yoast_head_json":{"title":"KWAS SOLNY -","robots":{"index":"index","follow":"follow","max-snippet":"max-snippet:-1","max-image-preview":"max-image-preview:large","max-video-preview":"max-video-preview:-1"},"canonical":"https:\/\/pepsyna.eu\/index.php\/home-2\/odczynniki-chemiczne-oraz-srodki-do-mycia-i-dezynfekcji-znakowanie-miesa\/odczynniki-laboratoryjne\/kwas-solny\/","og_locale":"pl_PL","og_type":"article","og_title":"KWAS SOLNY -","og_description":"\u00a0 \u00a0 \u00a0 \u00a0 KWAS SOLNY 25% CZDA DLA WETERYNARII OPAKOWANIA \u00a0 \u00a0 1 l, 2,5 l,3 l, 5 l, 10 l, 20 l, 30 l, 60 l\u00a0 \u00a0 8ml x 10 ampu\u0142ek\u00a0 \u00a0 16ml x 10 ampu\u0142ek \u00a0 &#8211; W\u0142asno\u015bci fizyczne i chemiczne &#8211; Wygl\u0105d:\u00a0 \u00a0stan fizyczny: ciecz\u00a0 \u00a0kolor: bezbarwna\u00a0 \u00a0Zapach: ostry, dra\u017cni\u0105cy\u00a0 \u00a0G\u0119sto\u015b\u0107&hellip;","og_url":"https:\/\/pepsyna.eu\/index.php\/home-2\/odczynniki-chemiczne-oraz-srodki-do-mycia-i-dezynfekcji-znakowanie-miesa\/odczynniki-laboratoryjne\/kwas-solny\/","article_modified_time":"2021-03-18T21:23:28+00:00","og_image":[{"url":"https:\/\/pepsyna.eu\/wp-content\/uploads\/2021\/03\/kwas-solny-1-194x300.jpg"}],"twitter_card":"summary_large_image","twitter_misc":{"Szacowany czas czytania":"1 minuta"},"schema":{"@context":"https:\/\/schema.org","@graph":[{"@type":"Organization","@id":"https:\/\/pepsyna.eu\/#organization","name":"EPI 2","url":"https:\/\/pepsyna.eu\/","sameAs":[],"logo":{"@type":"ImageObject","@id":"https:\/\/pepsyna.eu\/#logo","inLanguage":"pl-PL","url":"https:\/\/pepsyna.eu\/wp-content\/uploads\/2021\/03\/cropped-LOGO-EPI2-1.jpg","contentUrl":"https:\/\/pepsyna.eu\/wp-content\/uploads\/2021\/03\/cropped-LOGO-EPI2-1.jpg","width":403,"height":85,"caption":"EPI 2"},"image":{"@id":"https:\/\/pepsyna.eu\/#logo"}},{"@type":"WebSite","@id":"https:\/\/pepsyna.eu\/#website","url":"https:\/\/pepsyna.eu\/","name":"WYSPOSA\u017bENIE LABORATORYJNE","description":"","publisher":{"@id":"https:\/\/pepsyna.eu\/#organization"},"potentialAction":[{"@type":"SearchAction","target":{"@type":"EntryPoint","urlTemplate":"https:\/\/pepsyna.eu\/?s={search_term_string}"},"query-input":"required name=search_term_string"}],"inLanguage":"pl-PL"},{"@type":"ImageObject","@id":"https:\/\/pepsyna.eu\/index.php\/home-2\/odczynniki-chemiczne-oraz-srodki-do-mycia-i-dezynfekcji-znakowanie-miesa\/odczynniki-laboratoryjne\/kwas-solny\/#primaryimage","inLanguage":"pl-PL","url":"https:\/\/pepsyna.eu\/wp-content\/uploads\/2021\/03\/kwas-solny-1.jpg","contentUrl":"https:\/\/pepsyna.eu\/wp-content\/uploads\/2021\/03\/kwas-solny-1.jpg","width":333,"height":515},{"@type":"WebPage","@id":"https:\/\/pepsyna.eu\/index.php\/home-2\/odczynniki-chemiczne-oraz-srodki-do-mycia-i-dezynfekcji-znakowanie-miesa\/odczynniki-laboratoryjne\/kwas-solny\/#webpage","url":"https:\/\/pepsyna.eu\/index.php\/home-2\/odczynniki-chemiczne-oraz-srodki-do-mycia-i-dezynfekcji-znakowanie-miesa\/odczynniki-laboratoryjne\/kwas-solny\/","name":"KWAS SOLNY -","isPartOf":{"@id":"https:\/\/pepsyna.eu\/#website"},"primaryImageOfPage":{"@id":"https:\/\/pepsyna.eu\/index.php\/home-2\/odczynniki-chemiczne-oraz-srodki-do-mycia-i-dezynfekcji-znakowanie-miesa\/odczynniki-laboratoryjne\/kwas-solny\/#primaryimage"},"datePublished":"2021-03-15T15:19:51+00:00","dateModified":"2021-03-18T21:23:28+00:00","breadcrumb":{"@id":"https:\/\/pepsyna.eu\/index.php\/home-2\/odczynniki-chemiczne-oraz-srodki-do-mycia-i-dezynfekcji-znakowanie-miesa\/odczynniki-laboratoryjne\/kwas-solny\/#breadcrumb"},"inLanguage":"pl-PL","potentialAction":[{"@type":"ReadAction","target":["https:\/\/pepsyna.eu\/index.php\/home-2\/odczynniki-chemiczne-oraz-srodki-do-mycia-i-dezynfekcji-znakowanie-miesa\/odczynniki-laboratoryjne\/kwas-solny\/"]}]},{"@type":"BreadcrumbList","@id":"https:\/\/pepsyna.eu\/index.php\/home-2\/odczynniki-chemiczne-oraz-srodki-do-mycia-i-dezynfekcji-znakowanie-miesa\/odczynniki-laboratoryjne\/kwas-solny\/#breadcrumb","itemListElement":[{"@type":"ListItem","position":1,"name":"Strona g\u0142\u00f3wna","item":"https:\/\/pepsyna.eu\/"},{"@type":"ListItem","position":2,"name":"EPI 2 OFERTA","item":"https:\/\/pepsyna.eu\/"},{"@type":"ListItem","position":3,"name":"ODCZYNNIKI CHEMICZNE ORAZ \u015aRODKI DO MYCIA I DEZYNFEKCJI","item":"https:\/\/pepsyna.eu\/index.php\/home-2\/odczynniki-chemiczne-oraz-srodki-do-mycia-i-dezynfekcji-znakowanie-miesa\/"},{"@type":"ListItem","position":4,"name":"Odczynniki laboratoryjne","item":"https:\/\/pepsyna.eu\/index.php\/home-2\/odczynniki-chemiczne-oraz-srodki-do-mycia-i-dezynfekcji-znakowanie-miesa\/odczynniki-laboratoryjne\/"},{"@type":"ListItem","position":5,"name":"KWAS SOLNY"}]}]}},"_links":{"self":[{"href":"https:\/\/pepsyna.eu\/index.php\/wp-json\/wp\/v2\/pages\/122"}],"collection":[{"href":"https:\/\/pepsyna.eu\/index.php\/wp-json\/wp\/v2\/pages"}],"about":[{"href":"https:\/\/pepsyna.eu\/index.php\/wp-json\/wp\/v2\/types\/page"}],"author":[{"embeddable":true,"href":"https:\/\/pepsyna.eu\/index.php\/wp-json\/wp\/v2\/users\/1"}],"replies":[{"embeddable":true,"href":"https:\/\/pepsyna.eu\/index.php\/wp-json\/wp\/v2\/comments?post=122"}],"version-history":[{"count":13,"href":"https:\/\/pepsyna.eu\/index.php\/wp-json\/wp\/v2\/pages\/122\/revisions"}],"predecessor-version":[{"id":638,"href":"https:\/\/pepsyna.eu\/index.php\/wp-json\/wp\/v2\/pages\/122\/revisions\/638"}],"up":[{"embeddable":true,"href":"https:\/\/pepsyna.eu\/index.php\/wp-json\/wp\/v2\/pages\/116"}],"wp:attachment":[{"href":"https:\/\/pepsyna.eu\/index.php\/wp-json\/wp\/v2\/media?parent=122"}],"curies":[{"name":"wp","href":"https:\/\/api.w.org\/{rel}","templated":true}]}}